{"id":28669,"date":"2025-09-18T09:32:35","date_gmt":"2025-09-18T07:32:35","guid":{"rendered":"https:\/\/nordicbikeshows.dk\/?post_type=aktivitet&#038;p=28669"},"modified":"2025-09-18T09:32:35","modified_gmt":"2025-09-18T07:32:35","slug":"moed-frank-og-heidi-hoej","status":"publish","type":"aktivitet","link":"https:\/\/nordicbikeshows.dk\/en\/activity\/moed-frank-og-heidi-hoej\/","title":{"rendered":"M\u00f8d Frank og Heidi H\u00f8j"},"author":97,"featured_media":28243,"template":"","meta":{"_acf_changed":false,"_et_pb_use_builder":"","_et_pb_old_content":"","_et_gb_content_width":""},"maalgruppe":[803],"udstillerider":[491],"posttyper":[183],"standpladser":[1494],"ug_messe":[1331],"linkede_moduler":[],"aktivitetskategori":[8],"programsted":[159],"programdag":[212],"programtidspunkt":[216],"class_list":["post-28669","aktivitet","type-aktivitet","status-publish","has-post-thumbnail","hentry"],"acf":{"title_en":"M\u00f8d Frank og Heidi H\u00f8j","link_til_modul":null,"aktivitetskategori":[8],"maalgruppe":[803],"teaser":"","teaser_en":"","beskrivelse":"<div class=\"x14z9mp xat24cr x1lziwak x1vvkbs xtlvy1s x126k92a\">\r\n<div dir=\"auto\">Frank og Heidi H\u00f8j bes\u00f8ger Pronghorns stand p\u00e5 VeloDays p\u00e5 s\u00f8ndag (den 21.9) mellem kl. 10 og 12\/13 stykker.<\/div>\r\n<\/div>\r\n<div class=\"x14z9mp xat24cr x1lziwak x1vvkbs xtlvy1s x126k92a\">\r\n<div dir=\"auto\">De er Pronghorns ambassad\u00f8rer og eksperter p\u00e5 vores Road-X model.<\/div>\r\n<\/div>\r\n<div class=\"x14z9mp xat24cr x1lziwak x1vvkbs xtlvy1s x126k92a\">\r\n<div dir=\"auto\">De k\u00f8rer b\u00e5de landevej og gravel p\u00e5 den samme cykel. Og Frank har lige kvalificeret sig til VM i gravel (50+) for 2. \u00e5r i tr\u00e6k.<\/div>\r\n<\/div>\r\n<div class=\"x14z9mp xat24cr x1lziwak x1vvkbs xtlvy1s x126k92a\">\r\n<div dir=\"auto\">Ud over dette er de begge to meget erfarne og kan fort\u00e6lle om grus i b\u00e5de Jylland, nordsj\u00e6lland, USA, Frankrig osv.<\/div>\r\n<\/div>\r\n<div class=\"x14z9mp xat24cr x1lziwak x1vvkbs xtlvy1s x126k92a\">\r\n<div dir=\"auto\">Der er altid godt hum\u00f8r og stor viden omkring Team H\u00f8j, s\u00e5 kig forbi Pronghorns stand og f\u00e5 inspiration til endnu mere cykelgl\u00e6de.<\/div>\r\n<\/div>\r\n<div class=\"x14z9mp xat24cr x1lziwak x1vvkbs xtlvy1s x126k92a\">\r\n<div dir=\"auto\">Der er gratis adgang til messen og der er mange fede cykler at kigge p\u00e5 ogs\u00e5 (ikke kun Pronghorns) <span class=\"html-span xexx8yu xyri2b x18d9i69 x1c1uobl x1hl2dhg x16tdsg8 x1vvkbs x3nfvp2 x1j61x8r x1fcty0u xdj266r xat24cr xm2jcoa x1mpyi22 xxymvpz xlup9mm x1kky2od\"><img class=\"xz74otr x15mokao x1ga7v0g x16uus16 xbiv7yw\" src=\"https:\/\/static.xx.fbcdn.net\/images\/emoji.php\/v9\/teb\/2\/16\/1f642.png\" alt=\"\ud83d\ude42\" width=\"16\" height=\"16\" \/><\/span><\/div>\r\n<\/div>\r\n<div class=\"x14z9mp xat24cr x1lziwak x1vvkbs xtlvy1s x126k92a\">\r\n<div dir=\"auto\">Pr\u00f8v en Road-X: <span class=\"html-span xdj266r x14z9mp xat24cr x1lziwak xexx8yu xyri2b x18d9i69 x1c1uobl x1hl2dhg x16tdsg8 x1vvkbs\"><a class=\"x1i10hfl xjbqb8w x1ejq31n x18oe1m7 x1sy0etr xstzfhl x972fbf x10w94by x1qhh985 x14e42zd x9f619 x1ypdohk xt0psk2 x3ct3a4 xdj266r x14z9mp xat24cr x1lziwak xexx8yu xyri2b x18d9i69 x1c1uobl x16tdsg8 x1hl2dhg xggy1nq x1a2a7pz xkrqix3 x1sur9pj x1fey0fg x1s688f\" role=\"link\" href=\"http:\/\/www.pronghorn.dk\/?fbclid=IwZXh0bgNhZW0CMTAAYnJpZBEwcXhnOHl4dUR1VTVkem8yeAEe1rzlwxmbrXOG0NMAtyKRfDj7CLEMYN6-mv5kvi60BAFY3UkLJQbr6Aj5U4A_aem_oxI1vR_KP9y7pzwikYUKlA\" target=\"_blank\" rel=\"nofollow noopener noreferrer\">www.pronghorn.dk<\/a><\/span><\/div>\r\n<\/div>","beskrivelse_en":"<div class=\"tom beskrivelse dansk\"><div class=\"x14z9mp xat24cr x1lziwak x1vvkbs xtlvy1s x126k92a\">\n<div dir=\"auto\">Frank og Heidi H\u00f8j bes\u00f8ger Pronghorns stand p\u00e5 VeloDays p\u00e5 s\u00f8ndag (den 21.9) mellem kl. 10 og 12\/13 stykker.<\/div>\n<\/div>\n<div class=\"x14z9mp xat24cr x1lziwak x1vvkbs xtlvy1s x126k92a\">\n<div dir=\"auto\">De er Pronghorns ambassad\u00f8rer og eksperter p\u00e5 vores Road-X model.<\/div>\n<\/div>\n<div class=\"x14z9mp xat24cr x1lziwak x1vvkbs xtlvy1s x126k92a\">\n<div dir=\"auto\">De k\u00f8rer b\u00e5de landevej og gravel p\u00e5 den samme cykel. Og Frank har lige kvalificeret sig til VM i gravel (50+) for 2. \u00e5r i tr\u00e6k.<\/div>\n<\/div>\n<div class=\"x14z9mp xat24cr x1lziwak x1vvkbs xtlvy1s x126k92a\">\n<div dir=\"auto\">Ud over dette er de begge to meget erfarne og kan fort\u00e6lle om grus i b\u00e5de Jylland, nordsj\u00e6lland, USA, Frankrig osv.<\/div>\n<\/div>\n<div class=\"x14z9mp xat24cr x1lziwak x1vvkbs xtlvy1s x126k92a\">\n<div dir=\"auto\">Der er altid godt hum\u00f8r og stor viden omkring Team H\u00f8j, s\u00e5 kig forbi Pronghorns stand og f\u00e5 inspiration til endnu mere cykelgl\u00e6de.<\/div>\n<\/div>\n<div class=\"x14z9mp xat24cr x1lziwak x1vvkbs xtlvy1s x126k92a\">\n<div dir=\"auto\">Der er gratis adgang til messen og der er mange fede cykler at kigge p\u00e5 ogs\u00e5 (ikke kun Pronghorns) <span class=\"html-span xexx8yu xyri2b x18d9i69 x1c1uobl x1hl2dhg x16tdsg8 x1vvkbs x3nfvp2 x1j61x8r x1fcty0u xdj266r xat24cr xm2jcoa x1mpyi22 xxymvpz xlup9mm x1kky2od\"><img loading=\"lazy\" decoding=\"async\" class=\"xz74otr x15mokao x1ga7v0g x16uus16 xbiv7yw\" src=\"https:\/\/static.xx.fbcdn.net\/images\/emoji.php\/v9\/teb\/2\/16\/1f642.png\" alt=\"\ud83d\ude42\" width=\"16\" height=\"16\" \/><\/span><\/div>\n<\/div>\n<div class=\"x14z9mp xat24cr x1lziwak x1vvkbs xtlvy1s x126k92a\">\n<div dir=\"auto\">Pr\u00f8v en Road-X: <span class=\"html-span xdj266r x14z9mp xat24cr x1lziwak xexx8yu xyri2b x18d9i69 x1c1uobl x1hl2dhg x16tdsg8 x1vvkbs\"><a class=\"x1i10hfl xjbqb8w x1ejq31n x18oe1m7 x1sy0etr xstzfhl x972fbf x10w94by x1qhh985 x14e42zd x9f619 x1ypdohk xt0psk2 x3ct3a4 xdj266r x14z9mp xat24cr x1lziwak xexx8yu xyri2b x18d9i69 x1c1uobl x16tdsg8 x1hl2dhg xggy1nq x1a2a7pz xkrqix3 x1sur9pj x1fey0fg x1s688f\" role=\"link\" href=\"http:\/\/www.pronghorn.dk\/?fbclid=IwZXh0bgNhZW0CMTAAYnJpZBEwcXhnOHl4dUR1VTVkem8yeAEe1rzlwxmbrXOG0NMAtyKRfDj7CLEMYN6-mv5kvi60BAFY3UkLJQbr6Aj5U4A_aem_oxI1vR_KP9y7pzwikYUKlA\" target=\"_blank\" rel=\"nofollow noopener noreferrer\">www.pronghorn.dk<\/a><\/span><\/div>\n<\/div>\n<\/div>","_thumbnail_id":28243,"billeder":"","url_video":"","video_splash":"","modul_standplads":["standard"],"programsted":[159],"programdag":[212],"programtidspunkt":[216],"tidspunkter":[{"dag":"soendag","tidspunkt":"10:00:00","sluttidspunkt":"12:00:00","relation_tidspunkt":[28670],"dag_tid_org":"<span class=\"dag\">S\u00f8ndag <\/span><span class=\"tidspunkt\">kl. 10.00-12.00<\/span>","dag_tid_org_en":"<span class=\"dag\">Sunday <\/span><span class=\"tidspunkt\">@ 10:00-12:00<\/span>","slug":"_7_soendag_10-00_moed-frank-og-heidi-hoej_12-00"}],"modul_ug_messe":[1331],"relation_udstiller":[7581],"relation_module_notes":"","oversaet_til_engelsk":false,"oversaet_titel_til_engelsk":false,"overskriv_oversaettelse":false,"standpladser":[1494],"standard_url":"moed-frank-og-heidi-hoej?messe=velodays_vejen","posttyper":[183],"linkede_moduler":false,"udstillerider":[491]},"_links":{"self":[{"href":"https:\/\/nordicbikeshows.dk\/en\/wp-json\/wp\/v2\/aktivitet\/28669","targetHints":{"allow":["GET"]}}],"collection":[{"href":"https:\/\/nordicbikeshows.dk\/en\/wp-json\/wp\/v2\/aktivitet"}],"about":[{"href":"https:\/\/nordicbikeshows.dk\/en\/wp-json\/wp\/v2\/types\/aktivitet"}],"author":[{"embeddable":true,"href":"https:\/\/nordicbikeshows.dk\/en\/wp-json\/wp\/v2\/users\/97"}],"acf:post":[{"embeddable":true,"href":"https:\/\/nordicbikeshows.dk\/en\/wp-json\/wp\/v2\/udstiller\/7581"}],"wp:featuredmedia":[{"embeddable":true,"href":"https:\/\/nordicbikeshows.dk\/en\/wp-json\/wp\/v2\/media\/28243"}],"wp:attachment":[{"href":"https:\/\/nordicbikeshows.dk\/en\/wp-json\/wp\/v2\/media?parent=28669"}],"wp:term":[{"taxonomy":"maalgruppe","embeddable":true,"href":"https:\/\/nordicbikeshows.dk\/en\/wp-json\/wp\/v2\/maalgruppe?post=28669"},{"taxonomy":"udstillerider","embeddable":true,"href":"https:\/\/nordicbikeshows.dk\/en\/wp-json\/wp\/v2\/udstillerider?post=28669"},{"taxonomy":"posttyper","embeddable":true,"href":"https:\/\/nordicbikeshows.dk\/en\/wp-json\/wp\/v2\/posttyper?post=28669"},{"taxonomy":"standpladser","embeddable":true,"href":"https:\/\/nordicbikeshows.dk\/en\/wp-json\/wp\/v2\/standpladser?post=28669"},{"taxonomy":"ug_messe","embeddable":true,"href":"https:\/\/nordicbikeshows.dk\/en\/wp-json\/wp\/v2\/ug_messe?post=28669"},{"taxonomy":"linkede_moduler","embeddable":true,"href":"https:\/\/nordicbikeshows.dk\/en\/wp-json\/wp\/v2\/linkede_moduler?post=28669"},{"taxonomy":"aktivitetskategori","embeddable":true,"href":"https:\/\/nordicbikeshows.dk\/en\/wp-json\/wp\/v2\/aktivitetskategori?post=28669"},{"taxonomy":"programsted","embeddable":true,"href":"https:\/\/nordicbikeshows.dk\/en\/wp-json\/wp\/v2\/programsted?post=28669"},{"taxonomy":"programdag","embeddable":true,"href":"https:\/\/nordicbikeshows.dk\/en\/wp-json\/wp\/v2\/programdag?post=28669"},{"taxonomy":"programtidspunkt","embeddable":true,"href":"https:\/\/nordicbikeshows.dk\/en\/wp-json\/wp\/v2\/programtidspunkt?post=28669"}],"curies":[{"name":"wp","href":"https:\/\/api.w.org\/{rel}","templated":true}]}}

Mød Frank og Heidi Høj

<div class="x14z9mp xat24cr x1lziwak x1vvkbs xtlvy1s x126k92a">
<div dir="auto">Frank og Heidi Høj besøger Pronghorns stand på VeloDays på søndag (den 21.9) mellem kl. 10 og 12/13 stykker.</div>
</div>
<div class="x14z9mp xat24cr x1lziwak x1vvkbs xtlvy1s x126k92a">
<div dir="auto">De er Pronghorns ambassadører og eksperter på vores Road-X model.</div>
</div>
<div class="x14z9mp xat24cr x1lziwak x1vvkbs xtlvy1s x126k92a">
<div dir="auto">De kører både landevej og gravel på den samme cykel. Og Frank har lige kvalificeret sig til VM i gravel (50+) for 2. år i træk.</div>
</div>
<div class="x14z9mp xat24cr x1lziwak x1vvkbs xtlvy1s x126k92a">
<div dir="auto">Ud over dette er de begge to meget erfarne og kan fortælle om grus i både Jylland, nordsjælland, USA, Frankrig osv.</div>
</div>
<div class="x14z9mp xat24cr x1lziwak x1vvkbs xtlvy1s x126k92a">
<div dir="auto">Der er altid godt humør og stor viden omkring Team Høj, så kig forbi Pronghorns stand og få inspiration til endnu mere cykelglæde.</div>
</div>
<div class="x14z9mp xat24cr x1lziwak x1vvkbs xtlvy1s x126k92a">
<div dir="auto">Der er gratis adgang til messen og der er mange fede cykler at kigge på også (ikke kun Pronghorns) <span class="html-span xexx8yu xyri2b x18d9i69 x1c1uobl x1hl2dhg x16tdsg8 x1vvkbs x3nfvp2 x1j61x8r x1fcty0u xdj266r xat24cr xm2jcoa x1mpyi22 xxymvpz xlup9mm x1kky2od"><img class="xz74otr x15mokao x1ga7v0g x16uus16 xbiv7yw" src="https://static.xx.fbcdn.net/images/emoji.php/v9/teb/2/16/1f642.png" alt="🙂" width="16" height="16" /></span></div>
</div>
<div class="x14z9mp xat24cr x1lziwak x1vvkbs xtlvy1s x126k92a">
<div dir="auto">Prøv en Road-X: <span class="html-span xdj266r x14z9mp xat24cr x1lziwak xexx8yu xyri2b x18d9i69 x1c1uobl x1hl2dhg x16tdsg8 x1vvkbs"><a class="x1i10hfl xjbqb8w x1ejq31n x18oe1m7 x1sy0etr xstzfhl x972fbf x10w94by x1qhh985 x14e42zd x9f619 x1ypdohk xt0psk2 x3ct3a4 xdj266r x14z9mp xat24cr x1lziwak xexx8yu xyri2b x18d9i69 x1c1uobl x16tdsg8 x1hl2dhg xggy1nq x1a2a7pz xkrqix3 x1sur9pj x1fey0fg x1s688f" role="link" href="http://www.pronghorn.dk/?fbclid=IwZXh0bgNhZW0CMTAAYnJpZBEwcXhnOHl4dUR1VTVkem8yeAEe1rzlwxmbrXOG0NMAtyKRfDj7CLEMYN6-mv5kvi60BAFY3UkLJQbr6Aj5U4A_aem_oxI1vR_KP9y7pzwikYUKlA" target="_blank" rel="nofollow noopener noreferrer">www.pronghorn.dk</a></span></div>
</div>

<div class="tom beskrivelse dansk"><div class="x14z9mp xat24cr x1lziwak x1vvkbs xtlvy1s x126k92a">
<div dir="auto">Frank og Heidi Høj besøger Pronghorns stand på VeloDays på søndag (den 21.9) mellem kl. 10 og 12/13 stykker.</div>
</div>
<div class="x14z9mp xat24cr x1lziwak x1vvkbs xtlvy1s x126k92a">
<div dir="auto">De er Pronghorns ambassadører og eksperter på vores Road-X model.</div>
</div>
<div class="x14z9mp xat24cr x1lziwak x1vvkbs xtlvy1s x126k92a">
<div dir="auto">De kører både landevej og gravel på den samme cykel. Og Frank har lige kvalificeret sig til VM i gravel (50+) for 2. år i træk.</div>
</div>
<div class="x14z9mp xat24cr x1lziwak x1vvkbs xtlvy1s x126k92a">
<div dir="auto">Ud over dette er de begge to meget erfarne og kan fortælle om grus i både Jylland, nordsjælland, USA, Frankrig osv.</div>
</div>
<div class="x14z9mp xat24cr x1lziwak x1vvkbs xtlvy1s x126k92a">
<div dir="auto">Der er altid godt humør og stor viden omkring Team Høj, så kig forbi Pronghorns stand og få inspiration til endnu mere cykelglæde.</div>
</div>
<div class="x14z9mp xat24cr x1lziwak x1vvkbs xtlvy1s x126k92a">
<div dir="auto">Der er gratis adgang til messen og der er mange fede cykler at kigge på også (ikke kun Pronghorns) <span class="html-span xexx8yu xyri2b x18d9i69 x1c1uobl x1hl2dhg x16tdsg8 x1vvkbs x3nfvp2 x1j61x8r x1fcty0u xdj266r xat24cr xm2jcoa x1mpyi22 xxymvpz xlup9mm x1kky2od"><img loading="lazy" decoding="async" class="xz74otr x15mokao x1ga7v0g x16uus16 xbiv7yw" src="https://static.xx.fbcdn.net/images/emoji.php/v9/teb/2/16/1f642.png" alt="🙂" width="16" height="16" /></span></div>
</div>
<div class="x14z9mp xat24cr x1lziwak x1vvkbs xtlvy1s x126k92a">
<div dir="auto">Prøv en Road-X: <span class="html-span xdj266r x14z9mp xat24cr x1lziwak xexx8yu xyri2b x18d9i69 x1c1uobl x1hl2dhg x16tdsg8 x1vvkbs"><a class="x1i10hfl xjbqb8w x1ejq31n x18oe1m7 x1sy0etr xstzfhl x972fbf x10w94by x1qhh985 x14e42zd x9f619 x1ypdohk xt0psk2 x3ct3a4 xdj266r x14z9mp xat24cr x1lziwak xexx8yu xyri2b x18d9i69 x1c1uobl x16tdsg8 x1hl2dhg xggy1nq x1a2a7pz xkrqix3 x1sur9pj x1fey0fg x1s688f" role="link" href="http://www.pronghorn.dk/?fbclid=IwZXh0bgNhZW0CMTAAYnJpZBEwcXhnOHl4dUR1VTVkem8yeAEe1rzlwxmbrXOG0NMAtyKRfDj7CLEMYN6-mv5kvi60BAFY3UkLJQbr6Aj5U4A_aem_oxI1vR_KP9y7pzwikYUKlA" target="_blank" rel="nofollow noopener noreferrer">www.pronghorn.dk</a></span></div>
</div>
</div>

<span class="dag">Søndag </span><span class="tidspunkt">kl. 10.00-12.00</span>
