{"id":32369,"date":"2026-02-27T14:19:51","date_gmt":"2026-02-27T13:19:51","guid":{"rendered":"https:\/\/nordicbikeshows.dk\/?post_type=brand&#038;p=32369"},"modified":"2026-03-05T11:04:54","modified_gmt":"2026-03-05T10:04:54","slug":"frost-cycling","status":"publish","type":"brand","link":"https:\/\/nordicbikeshows.dk\/en\/brand\/frost-cycling\/","title":{"rendered":"Frost Cycling"},"author":91,"featured_media":32364,"template":"","meta":{"_acf_changed":false,"_et_pb_use_builder":"","_et_pb_old_content":"","_et_gb_content_width":""},"udstillerkategori":[15],"maalgruppe":[806,805,807,803],"udstillerider":[1722],"posttyper":[180],"standpladser":[1581],"ug_messe":[1407],"linkede_moduler":[],"class_list":["post-32369","brand","type-brand","status-publish","has-post-thumbnail","hentry"],"acf":{"title_en":"Frost Cycling","link_til_modul":null,"udstillerkategori":[15],"maalgruppe":[806,803,807,805],"beskrivelse":"Frost Cycling tilbyder dig en unik cykelrejse med oplevelse ud over det s\u00e6dvanlige p\u00e5 din racercykel.\r\n\r\nHvis du rejser med os til \u00e9n af vores destinationer i Sydeuropa (Frankrig, Spanien eller Italien), s\u00e5 f\u00e5r du en velorganiseret rejse med dejlige hoteller, fantastiske udsigter og sk\u00f8nt socialt samv\u00e6r.\r\n\r\nVores dansktalende og erfarne guider kender altid omr\u00e5det vi cykler i - og s\u00f8rger for at du kommer sikkert fra start til m\u00e5l p\u00e5 dagens etape.\r\n\r\nP\u00e5 vores rejser er det unikke naturoplevelser og ikke n\u00f8dvendigvis det h\u00f8je tempo der s\u00e6tter dagsordenen - men n\u00e5r det er sagt, s\u00e5 kan vi selvf\u00f8lgelig godt tage vores interne \"dyster\" med en kammerat i gruppen mod toppen af bjergene.\r\n\r\nDu kan l\u00e6se meget mere om vores rejser p\u00e5 https:\/\/www.frostcycling.dk\/","beskrivelse_en":"<div class=\"tom beskrivelse dansk\"><p>Frost Cycling tilbyder dig en unik cykelrejse med oplevelse ud over det s\u00e6dvanlige p\u00e5 din racercykel.<\/p>\n<p>Hvis du rejser med os til \u00e9n af vores destinationer i Sydeuropa (Frankrig, Spanien eller Italien), s\u00e5 f\u00e5r du en velorganiseret rejse med dejlige hoteller, fantastiske udsigter og sk\u00f8nt socialt samv\u00e6r.<\/p>\n<p>Vores dansktalende og erfarne guider kender altid omr\u00e5det vi cykler i &#8211; og s\u00f8rger for at du kommer sikkert fra start til m\u00e5l p\u00e5 dagens etape.<\/p>\n<p>P\u00e5 vores rejser er det unikke naturoplevelser og ikke n\u00f8dvendigvis det h\u00f8je tempo der s\u00e6tter dagsordenen &#8211; men n\u00e5r det er sagt, s\u00e5 kan vi selvf\u00f8lgelig godt tage vores interne &#8220;dyster&#8221; med en kammerat i gruppen mod toppen af bjergene.<\/p>\n<p>Du kan l\u00e6se meget mere om vores rejser p\u00e5 https:\/\/www.frostcycling.dk\/<\/p>\n<\/div>","_thumbnail_id":32364,"billeder":[32636,32642,32644,32648,32646],"some_udstillerside":false,"hjemmeside":"https:\/\/www.frostcycling.dk\/","facebook":"https:\/\/www.facebook.com\/cykelrejser","linkedin":"","instagram":"","youtube":"","url_video":"","video_splash":"","relation_linket_modul":"","modul_standplads":["standard"],"modul_ug_messe":[1407],"brand_godkendt":"","accepter_betingelser":"","budget_til_markedsforing_af_brand":"standard","land":"","tekst_til_opslag":"","kort_tekst_til_reel":"","video_9_16":"","link_video_9_16":"","video_1_1_format":"","video_1_1":"","billeder_til_en_story":null,"dato_for_opslag":null,"link_til_opslag":"","relation_udstiller":[32570],"relation_module_notes":"","oversaet_til_engelsk":false,"oversaet_titel_til_engelsk":false,"overskriv_oversaettelse":false,"standpladser":[1581],"standard_url":"frost-cycling?messe=cbs2026","posttyper":[180],"linkede_moduler":false,"udstillerider":[1722]},"_links":{"self":[{"href":"https:\/\/nordicbikeshows.dk\/en\/wp-json\/wp\/v2\/brand\/32369","targetHints":{"allow":["GET"]}}],"collection":[{"href":"https:\/\/nordicbikeshows.dk\/en\/wp-json\/wp\/v2\/brand"}],"about":[{"href":"https:\/\/nordicbikeshows.dk\/en\/wp-json\/wp\/v2\/types\/brand"}],"author":[{"embeddable":true,"href":"https:\/\/nordicbikeshows.dk\/en\/wp-json\/wp\/v2\/users\/91"}],"acf:post":[{"embeddable":true,"href":"https:\/\/nordicbikeshows.dk\/en\/wp-json\/wp\/v2\/udstiller\/32570"}],"acf:attachment":[{"embeddable":true,"href":"https:\/\/nordicbikeshows.dk\/en\/wp-json\/wp\/v2\/media\/32646"},{"embeddable":true,"href":"https:\/\/nordicbikeshows.dk\/en\/wp-json\/wp\/v2\/media\/32648"},{"embeddable":true,"href":"https:\/\/nordicbikeshows.dk\/en\/wp-json\/wp\/v2\/media\/32644"},{"embeddable":true,"href":"https:\/\/nordicbikeshows.dk\/en\/wp-json\/wp\/v2\/media\/32642"},{"embeddable":true,"href":"https:\/\/nordicbikeshows.dk\/en\/wp-json\/wp\/v2\/media\/32636"}],"wp:featuredmedia":[{"embeddable":true,"href":"https:\/\/nordicbikeshows.dk\/en\/wp-json\/wp\/v2\/media\/32364"}],"wp:attachment":[{"href":"https:\/\/nordicbikeshows.dk\/en\/wp-json\/wp\/v2\/media?parent=32369"}],"wp:term":[{"taxonomy":"udstillerkategori","embeddable":true,"href":"https:\/\/nordicbikeshows.dk\/en\/wp-json\/wp\/v2\/udstillerkategori?post=32369"},{"taxonomy":"maalgruppe","embeddable":true,"href":"https:\/\/nordicbikeshows.dk\/en\/wp-json\/wp\/v2\/maalgruppe?post=32369"},{"taxonomy":"udstillerider","embeddable":true,"href":"https:\/\/nordicbikeshows.dk\/en\/wp-json\/wp\/v2\/udstillerider?post=32369"},{"taxonomy":"posttyper","embeddable":true,"href":"https:\/\/nordicbikeshows.dk\/en\/wp-json\/wp\/v2\/posttyper?post=32369"},{"taxonomy":"standpladser","embeddable":true,"href":"https:\/\/nordicbikeshows.dk\/en\/wp-json\/wp\/v2\/standpladser?post=32369"},{"taxonomy":"ug_messe","embeddable":true,"href":"https:\/\/nordicbikeshows.dk\/en\/wp-json\/wp\/v2\/ug_messe?post=32369"},{"taxonomy":"linkede_moduler","embeddable":true,"href":"https:\/\/nordicbikeshows.dk\/en\/wp-json\/wp\/v2\/linkede_moduler?post=32369"}],"curies":[{"name":"wp","href":"https:\/\/api.w.org\/{rel}","templated":true}]}}

Frost Cycling tilbyder dig en unik cykelrejse med oplevelse ud over det sædvanlige på din racercykel.

Hvis du rejser med os til én af vores destinationer i Sydeuropa (Frankrig, Spanien eller Italien), så får du en velorganiseret rejse med dejlige hoteller, fantastiske udsigter og skønt socialt samvær.

Vores dansktalende og erfarne guider kender altid området vi cykler i - og sørger for at du kommer sikkert fra start til mål på dagens etape.

På vores rejser er det unikke naturoplevelser og ikke nødvendigvis det høje tempo der sætter dagsordenen - men når det er sagt, så kan vi selvfølgelig godt tage vores interne "dyster" med en kammerat i gruppen mod toppen af bjergene.

Du kan læse meget mere om vores rejser på https://www.frostcycling.dk/

<div class="tom beskrivelse dansk"><p>Frost Cycling tilbyder dig en unik cykelrejse med oplevelse ud over det sædvanlige på din racercykel.</p>
<p>Hvis du rejser med os til én af vores destinationer i Sydeuropa (Frankrig, Spanien eller Italien), så får du en velorganiseret rejse med dejlige hoteller, fantastiske udsigter og skønt socialt samvær.</p>
<p>Vores dansktalende og erfarne guider kender altid området vi cykler i &#8211; og sørger for at du kommer sikkert fra start til mål på dagens etape.</p>
<p>På vores rejser er det unikke naturoplevelser og ikke nødvendigvis det høje tempo der sætter dagsordenen &#8211; men når det er sagt, så kan vi selvfølgelig godt tage vores interne &#8220;dyster&#8221; med en kammerat i gruppen mod toppen af bjergene.</p>
<p>Du kan læse meget mere om vores rejser på https://www.frostcycling.dk/</p>
</div>
