{"id":4756,"date":"2023-01-19T13:33:04","date_gmt":"2023-01-19T12:33:04","guid":{"rendered":"https:\/\/copenhagenbikeshow.dk\/?post_type=brand&#038;p=4756"},"modified":"2026-01-24T11:13:52","modified_gmt":"2026-01-24T10:13:52","slug":"velo-de-ville","status":"publish","type":"brand","link":"https:\/\/nordicbikeshows.dk\/en\/brand\/velo-de-ville\/","title":{"rendered":"VELO DE VILLE"},"author":301,"featured_media":29260,"template":"","meta":{"_acf_changed":false,"_et_pb_use_builder":"","_et_pb_old_content":"","_et_gb_content_width":""},"udstillerkategori":[33,30,14,31],"maalgruppe":[806,805,807,803,804],"udstillerider":[533],"posttyper":[180],"standpladser":[1507],"ug_messe":[466,1139,1407],"linkede_moduler":[226,1439,863,1127,229,862,1126,864,861],"class_list":["post-4756","brand","type-brand","status-publish","has-post-thumbnail","hentry"],"acf":{"title_en":"VELO DE VILLE","link_til_modul":null,"udstillerkategori":[14,33,30,31],"maalgruppe":[807,804,805,806,803],"beskrivelse":"Premium cykler og pedelecs - Made in Germany\r\n\r\nOm VELO DE VILLE:\r\n\r\nEnhver cykel eller pedelec skal passe perfekt til sin f\u00f8rer. Der er utallige muligheder for at konfigurere cyklerne - lige fra farven til detaljer som forlygter eller pedaler. Dette skr\u00e6ddersyede princip kan ogs\u00e5 afpr\u00f8ves derhjemme: VELO DE VILLEs online-konfigurator giver kunderne mulighed for selv at skabe deres dr\u00f8mmecykel. Premium-m\u00e6rket VELO DE VILLE fra AT-Zweirad tilbyder selvfremstillede cykler og pedelecs. Virksomheden, der ligger i n\u00e6rheden af cykelbyen M\u00fcnster, har v\u00e6ret p\u00e5 markedet siden 1966 og har specialiseret sig i individuel produktion efter kundens \u00f8nsker.","beskrivelse_en":"<p style=\"margin: 0in; font-family: Calibri; font-size: 11.0pt;\">Premium bikes and pedelecs - Made in Germany<\/p>\r\n<p style=\"margin: 0in; font-family: Calibri; font-size: 11.0pt;\">About VELO DE VILLE:<\/p>\r\n<p style=\"margin: 0in; font-family: Calibri; font-size: 11.0pt;\">Every bike or pedelec should perfectly fit its rider. There are countless possibilities to configure the bikes - starting with the color to details like the headlights or the pedals. This custom made principle can also be tried out at home: the VELO DE VILLE online configurator gives customers the opportunity to create their dream bike themselves. The premium brand VELO DE VILLE from AT-Zweirad offers self-made bikes and pedelecs. The company located near the bicycle city of M\u00fcnster has been on the market since 1966 and specializes in individual production according to customer requirements.<\/p>","_thumbnail_id":29260,"billeder":[29268,29266,16932,16155,16153],"some_udstillerside":false,"hjemmeside":"https:\/\/www.velo-de-ville.com\/dk","facebook":"https:\/\/de-de.facebook.com\/velodeville\/","linkedin":"https:\/\/de.linkedin.com\/company\/velo-de-ville","instagram":"https:\/\/www.instagram.com\/velodeville\/","youtube":"https:\/\/www.youtube.com\/channel\/UCtkfeh1COlWjZ3fA5OstcFw","url_video":"https:\/\/youtu.be\/vFgqCfOGXto","video_splash":16156,"relation_linket_modul":[4950,4767,4938,4937,16182,16185,22700,22705,29271],"modul_standplads":["standard"],"modul_ug_messe":[466,1139,1407],"brand_godkendt":"","accepter_betingelser":"","budget_til_markedsforing_af_brand":"200","land":["de"],"tekst_til_opslag":"Bes\u00f8g @velodeville p\u00e5 stand 169!\r\n\r\nVELO DE VILLEs kunder bestemmer selv, hvad de vil fokusere p\u00e5 - udseende, ergonomi, tekniske funktioner eller det hele p\u00e5 \u00e9n gang. Takket v\u00e6re custom-made-princippet bygger VELO DE VILLE cykler, der er lige s\u00e5 individuelle som deres fremtidige ejere. Med online-konfiguratoren har kunderne mulighed for at sammens\u00e6tte deres egen dr\u00f8mmecykel trin for trin.\r\n\r\nBes\u00f8g VELO DE VILLE, bliv inspireret af vores basismodeller, og design din egen skr\u00e6ddersyede cykel.","kort_tekst_til_reel":"LOADY: S\u00e5 fleksibel og individuel som du er!\r\n\r\nUanset om det drejer sig om at tage b\u00f8rn med, transportere tunge ting eller g\u00f8re de ugentlige indk\u00f8b - LOADY tilpasser sig dine behov og er nem at ombygge.\r\n\r\nVores LOADY imponerer ikke kun vores kunder, men ogs\u00e5 den internationale ekspertjury og vandt i begyndelsen af \u00e5ret Design &amp; Innovation Award 2025 i kategorien Urban.\r\n\r\nTest vindermodellen p\u00e5 Copenhagen Bike Show 2025 og se selv!  #YourBikeCustomMade\r\nKonfigurer din dr\u00f8mmecykel online! @velodeville","video_9_16":26281,"link_video_9_16":"","video_1_1_format":"","video_1_1":"","billeder_til_en_story":null,"dato_for_opslag":"20250131","link_til_opslag":"","relation_udstiller":[4552],"relation_module_notes":"","oversaet_til_engelsk":false,"oversaet_titel_til_engelsk":false,"overskriv_oversaettelse":false,"standpladser":[1507],"standard_url":"velo-de-ville?messe=cbs2026","posttyper":[180],"linkede_moduler":[226,229,861,862,863,864,1126,1127,1439],"udstillerider":[533]},"_links":{"self":[{"href":"https:\/\/nordicbikeshows.dk\/en\/wp-json\/wp\/v2\/brand\/4756","targetHints":{"allow":["GET"]}}],"collection":[{"href":"https:\/\/nordicbikeshows.dk\/en\/wp-json\/wp\/v2\/brand"}],"about":[{"href":"https:\/\/nordicbikeshows.dk\/en\/wp-json\/wp\/v2\/types\/brand"}],"author":[{"embeddable":true,"href":"https:\/\/nordicbikeshows.dk\/en\/wp-json\/wp\/v2\/users\/301"}],"acf:post":[{"embeddable":true,"href":"https:\/\/nordicbikeshows.dk\/en\/wp-json\/wp\/v2\/udstiller\/4552"},{"embeddable":true,"href":"https:\/\/nordicbikeshows.dk\/en\/wp-json\/wp\/v2\/produkt\/29271"},{"embeddable":true,"href":"https:\/\/nordicbikeshows.dk\/en\/wp-json\/wp\/v2\/produkt\/22705"},{"embeddable":true,"href":"https:\/\/nordicbikeshows.dk\/en\/wp-json\/wp\/v2\/produkt\/22700"},{"embeddable":true,"href":"https:\/\/nordicbikeshows.dk\/en\/wp-json\/wp\/v2\/produkt\/16185"},{"embeddable":true,"href":"https:\/\/nordicbikeshows.dk\/en\/wp-json\/wp\/v2\/produkt\/16182"},{"embeddable":true,"href":"https:\/\/nordicbikeshows.dk\/en\/wp-json\/wp\/v2\/produkt\/4937"},{"embeddable":true,"href":"https:\/\/nordicbikeshows.dk\/en\/wp-json\/wp\/v2\/produkt\/4938"},{"embeddable":true,"href":"https:\/\/nordicbikeshows.dk\/en\/wp-json\/wp\/v2\/produkt\/4767"},{"embeddable":true,"href":"https:\/\/nordicbikeshows.dk\/en\/wp-json\/wp\/v2\/produkt\/4950"}],"acf:attachment":[{"embeddable":true,"href":"https:\/\/nordicbikeshows.dk\/en\/wp-json\/wp\/v2\/media\/16153"},{"embeddable":true,"href":"https:\/\/nordicbikeshows.dk\/en\/wp-json\/wp\/v2\/media\/16155"},{"embeddable":true,"href":"https:\/\/nordicbikeshows.dk\/en\/wp-json\/wp\/v2\/media\/16932"},{"embeddable":true,"href":"https:\/\/nordicbikeshows.dk\/en\/wp-json\/wp\/v2\/media\/29266"},{"embeddable":true,"href":"https:\/\/nordicbikeshows.dk\/en\/wp-json\/wp\/v2\/media\/29268"}],"wp:featuredmedia":[{"embeddable":true,"href":"https:\/\/nordicbikeshows.dk\/en\/wp-json\/wp\/v2\/media\/29260"}],"wp:attachment":[{"href":"https:\/\/nordicbikeshows.dk\/en\/wp-json\/wp\/v2\/media?parent=4756"}],"wp:term":[{"taxonomy":"udstillerkategori","embeddable":true,"href":"https:\/\/nordicbikeshows.dk\/en\/wp-json\/wp\/v2\/udstillerkategori?post=4756"},{"taxonomy":"maalgruppe","embeddable":true,"href":"https:\/\/nordicbikeshows.dk\/en\/wp-json\/wp\/v2\/maalgruppe?post=4756"},{"taxonomy":"udstillerider","embeddable":true,"href":"https:\/\/nordicbikeshows.dk\/en\/wp-json\/wp\/v2\/udstillerider?post=4756"},{"taxonomy":"posttyper","embeddable":true,"href":"https:\/\/nordicbikeshows.dk\/en\/wp-json\/wp\/v2\/posttyper?post=4756"},{"taxonomy":"standpladser","embeddable":true,"href":"https:\/\/nordicbikeshows.dk\/en\/wp-json\/wp\/v2\/standpladser?post=4756"},{"taxonomy":"ug_messe","embeddable":true,"href":"https:\/\/nordicbikeshows.dk\/en\/wp-json\/wp\/v2\/ug_messe?post=4756"},{"taxonomy":"linkede_moduler","embeddable":true,"href":"https:\/\/nordicbikeshows.dk\/en\/wp-json\/wp\/v2\/linkede_moduler?post=4756"}],"curies":[{"name":"wp","href":"https:\/\/api.w.org\/{rel}","templated":true}]}}

Premium cykler og pedelecs - Made in Germany

Om VELO DE VILLE:

Enhver cykel eller pedelec skal passe perfekt til sin fører. Der er utallige muligheder for at konfigurere cyklerne - lige fra farven til detaljer som forlygter eller pedaler. Dette skræddersyede princip kan også afprøves derhjemme: VELO DE VILLEs online-konfigurator giver kunderne mulighed for selv at skabe deres drømmecykel. Premium-mærket VELO DE VILLE fra AT-Zweirad tilbyder selvfremstillede cykler og pedelecs. Virksomheden, der ligger i nærheden af cykelbyen Münster, har været på markedet siden 1966 og har specialiseret sig i individuel produktion efter kundens ønsker.

<p style="margin: 0in; font-family: Calibri; font-size: 11.0pt;">Premium bikes and pedelecs - Made in Germany</p>
<p style="margin: 0in; font-family: Calibri; font-size: 11.0pt;">About VELO DE VILLE:</p>
<p style="margin: 0in; font-family: Calibri; font-size: 11.0pt;">Every bike or pedelec should perfectly fit its rider. There are countless possibilities to configure the bikes - starting with the color to details like the headlights or the pedals. This custom made principle can also be tried out at home: the VELO DE VILLE online configurator gives customers the opportunity to create their dream bike themselves. The premium brand VELO DE VILLE from AT-Zweirad offers self-made bikes and pedelecs. The company located near the bicycle city of Münster has been on the market since 1966 and specializes in individual production according to customer requirements.</p>

Besøg @velodeville på stand 169!

VELO DE VILLEs kunder bestemmer selv, hvad de vil fokusere på - udseende, ergonomi, tekniske funktioner eller det hele på én gang. Takket være custom-made-princippet bygger VELO DE VILLE cykler, der er lige så individuelle som deres fremtidige ejere. Med online-konfiguratoren har kunderne mulighed for at sammensætte deres egen drømmecykel trin for trin.

Besøg VELO DE VILLE, bliv inspireret af vores basismodeller, og design din egen skræddersyede cykel.

LOADY: Så fleksibel og individuel som du er!

Uanset om det drejer sig om at tage børn med, transportere tunge ting eller gøre de ugentlige indkøb - LOADY tilpasser sig dine behov og er nem at ombygge.

Vores LOADY imponerer ikke kun vores kunder, men også den internationale ekspertjury og vandt i begyndelsen af året Design &amp; Innovation Award 2025 i kategorien Urban.

Test vindermodellen på Copenhagen Bike Show 2025 og se selv!  #YourBikeCustomMade
Konfigurer din drømmecykel online! @velodeville
