{"id":7040,"date":"2023-02-13T11:13:30","date_gmt":"2023-02-13T10:13:30","guid":{"rendered":"https:\/\/copenhagenbikeshow.dk\/?post_type=brand&#038;p=7040"},"modified":"2025-02-23T14:16:19","modified_gmt":"2025-02-23T13:16:19","slug":"assos-of-switzerland","status":"publish","type":"brand","link":"https:\/\/nordicbikeshows.dk\/en\/brand\/assos-of-switzerland\/","title":{"rendered":"ASSOS of Switzerland"},"author":86,"featured_media":6996,"template":"","meta":{"_acf_changed":false,"_et_pb_use_builder":"","_et_pb_old_content":"","_et_gb_content_width":""},"udstillerkategori":[27],"maalgruppe":[807,803],"udstillerider":[502],"posttyper":[180],"standpladser":[1116],"ug_messe":[1139],"linkede_moduler":[965],"class_list":["post-7040","brand","type-brand","status-publish","has-post-thumbnail","hentry"],"acf":{"title_en":"ASSOS of Switzerland","link_til_modul":null,"udstillerkategori":[27],"maalgruppe":[803,807],"beskrivelse":"ASSOS of Switzerlands mission er at levere innovativt og teknisk cykelt\u00f8j. I et moderne og klassisk design.\r\n\r\nBaseret i Ticino \"Terra di Ciclismo\", Schweiz, blev ASSOS of Switzerland grundlagt i 1976 med udviklingen af de f\u00f8rste Lycra\u00ae cykelshorts. Takket v\u00e6re vores fortsatte investering i R&amp;D har Assos udviklet en r\u00e6kke innovationer, der har vist retningen for hvordan cykelindustrien har udviklet sig i \u2013 og de fleste af dem er nu industristandarder: f\u00f8rste Lycra\u00ae-shorts ('76), f\u00f8rste sublimering (tryk) p\u00e5 en cykeltr\u00f8je ('80), f\u00f8rste Elastic Interface cykelshorts pude (2001), V\u00e6lg dit Comfort-koncept (2003), Project Starbust, den hurtigste cykel fantomdragt p\u00e5 jorden (2004), S5 den n\u00e6ste generation af cykelshorts (2008), S7_S7 a game changer (2014) er kun nogle f\u00e5 eksempler.\r\n\r\nI dag er vi hos ASSOS stolte af at kunne levere \"Total Cycling Comfort\" til mere end 30 lande rundt om i verden.\r\n\r\nKom til vores stand og se de nye 2024 kollektioner herunder de helt nye Equipe S11 bibshorts som s\u00e6tter nye standarder. F\u00e5 en snak med os om den nyeste udvikling indenfor cykelshorts og cykelt\u00f8j generelt. Vi gl\u00e6der os til at se dig.","beskrivelse_en":"<div class=\"tom beskrivelse dansk\"><p>ASSOS of Switzerlands mission er at levere innovativt og teknisk cykelt\u00f8j. I et moderne og klassisk design.<\/p>\n<p>Baseret i Ticino &#8220;Terra di Ciclismo&#8221;, Schweiz, blev ASSOS of Switzerland grundlagt i 1976 med udviklingen af de f\u00f8rste Lycra\u00ae cykelshorts. Takket v\u00e6re vores fortsatte investering i R&amp;D har Assos udviklet en r\u00e6kke innovationer, der har vist retningen for hvordan cykelindustrien har udviklet sig i \u2013 og de fleste af dem er nu industristandarder: f\u00f8rste Lycra\u00ae-shorts (&#8217;76), f\u00f8rste sublimering (tryk) p\u00e5 en cykeltr\u00f8je (&#8217;80), f\u00f8rste Elastic Interface cykelshorts pude (2001), V\u00e6lg dit Comfort-koncept (2003), Project Starbust, den hurtigste cykel fantomdragt p\u00e5 jorden (2004), S5 den n\u00e6ste generation af cykelshorts (2008), S7_S7 a game changer (2014) er kun nogle f\u00e5 eksempler.<\/p>\n<p>I dag er vi hos ASSOS stolte af at kunne levere &#8220;Total Cycling Comfort&#8221; til mere end 30 lande rundt om i verden.<\/p>\n<p>Kom til vores stand og se de nye 2024 kollektioner herunder de helt nye Equipe S11 bibshorts som s\u00e6tter nye standarder. F\u00e5 en snak med os om den nyeste udvikling indenfor cykelshorts og cykelt\u00f8j generelt. Vi gl\u00e6der os til at se dig.<\/p>\n<\/div>","_thumbnail_id":6996,"billeder":[18113,18125,18127,18134],"some_udstillerside":false,"hjemmeside":"https:\/\/www.assos.com","facebook":"https:\/\/www.facebook.com\/assosofswitzerland","linkedin":"https:\/\/www.linkedin.com\/company\/assos-of-switzerland","instagram":"https:\/\/www.instagram.com\/assosofswitzerland\/?hl=da","youtube":"https:\/\/www.youtube.com\/@AssosofSwitzerland","url_video":"https:\/\/youtu.be\/LLMsZ8GeeMk?si=fFHYN5j6I3J68fM_","video_splash":18127,"relation_linket_modul":[17992],"modul_standplads":["standard"],"modul_ug_messe":[1139],"brand_godkendt":"","accepter_betingelser":"","budget_til_markedsforing_af_brand":"standard","land":"","tekst_til_opslag":"","kort_tekst_til_reel":"","video_9_16":"","link_video_9_16":"https:\/\/www.youtube.com\/watch?v=LLMsZ8GeeMk&amp;t=6s","video_1_1_format":"","video_1_1":"","billeder_til_en_story":null,"dato_for_opslag":"20250223","link_til_opslag":"","relation_udstiller":[6995],"relation_module_notes":"","oversaet_til_engelsk":false,"oversaet_titel_til_engelsk":false,"overskriv_oversaettelse":false,"standpladser":[1116],"standard_url":"assos-of-switzerland?messe=cbs2025","posttyper":[180],"linkede_moduler":[965],"udstillerider":[502]},"_links":{"self":[{"href":"https:\/\/nordicbikeshows.dk\/en\/wp-json\/wp\/v2\/brand\/7040","targetHints":{"allow":["GET"]}}],"collection":[{"href":"https:\/\/nordicbikeshows.dk\/en\/wp-json\/wp\/v2\/brand"}],"about":[{"href":"https:\/\/nordicbikeshows.dk\/en\/wp-json\/wp\/v2\/types\/brand"}],"author":[{"embeddable":true,"href":"https:\/\/nordicbikeshows.dk\/en\/wp-json\/wp\/v2\/users\/86"}],"acf:post":[{"embeddable":true,"href":"https:\/\/nordicbikeshows.dk\/en\/wp-json\/wp\/v2\/udstiller\/6995"},{"embeddable":true,"href":"https:\/\/nordicbikeshows.dk\/en\/wp-json\/wp\/v2\/produkt\/17992"}],"acf:attachment":[{"embeddable":true,"href":"https:\/\/nordicbikeshows.dk\/en\/wp-json\/wp\/v2\/media\/18134"},{"embeddable":true,"href":"https:\/\/nordicbikeshows.dk\/en\/wp-json\/wp\/v2\/media\/18127"},{"embeddable":true,"href":"https:\/\/nordicbikeshows.dk\/en\/wp-json\/wp\/v2\/media\/18125"},{"embeddable":true,"href":"https:\/\/nordicbikeshows.dk\/en\/wp-json\/wp\/v2\/media\/18113"}],"wp:featuredmedia":[{"embeddable":true,"href":"https:\/\/nordicbikeshows.dk\/en\/wp-json\/wp\/v2\/media\/6996"}],"wp:attachment":[{"href":"https:\/\/nordicbikeshows.dk\/en\/wp-json\/wp\/v2\/media?parent=7040"}],"wp:term":[{"taxonomy":"udstillerkategori","embeddable":true,"href":"https:\/\/nordicbikeshows.dk\/en\/wp-json\/wp\/v2\/udstillerkategori?post=7040"},{"taxonomy":"maalgruppe","embeddable":true,"href":"https:\/\/nordicbikeshows.dk\/en\/wp-json\/wp\/v2\/maalgruppe?post=7040"},{"taxonomy":"udstillerider","embeddable":true,"href":"https:\/\/nordicbikeshows.dk\/en\/wp-json\/wp\/v2\/udstillerider?post=7040"},{"taxonomy":"posttyper","embeddable":true,"href":"https:\/\/nordicbikeshows.dk\/en\/wp-json\/wp\/v2\/posttyper?post=7040"},{"taxonomy":"standpladser","embeddable":true,"href":"https:\/\/nordicbikeshows.dk\/en\/wp-json\/wp\/v2\/standpladser?post=7040"},{"taxonomy":"ug_messe","embeddable":true,"href":"https:\/\/nordicbikeshows.dk\/en\/wp-json\/wp\/v2\/ug_messe?post=7040"},{"taxonomy":"linkede_moduler","embeddable":true,"href":"https:\/\/nordicbikeshows.dk\/en\/wp-json\/wp\/v2\/linkede_moduler?post=7040"}],"curies":[{"name":"wp","href":"https:\/\/api.w.org\/{rel}","templated":true}]}}

ASSOS of Switzerlands mission er at levere innovativt og teknisk cykeltøj. I et moderne og klassisk design.

Baseret i Ticino "Terra di Ciclismo", Schweiz, blev ASSOS of Switzerland grundlagt i 1976 med udviklingen af de første Lycra® cykelshorts. Takket være vores fortsatte investering i R&amp;D har Assos udviklet en række innovationer, der har vist retningen for hvordan cykelindustrien har udviklet sig i – og de fleste af dem er nu industristandarder: første Lycra®-shorts ('76), første sublimering (tryk) på en cykeltrøje ('80), første Elastic Interface cykelshorts pude (2001), Vælg dit Comfort-koncept (2003), Project Starbust, den hurtigste cykel fantomdragt på jorden (2004), S5 den næste generation af cykelshorts (2008), S7_S7 a game changer (2014) er kun nogle få eksempler.

I dag er vi hos ASSOS stolte af at kunne levere "Total Cycling Comfort" til mere end 30 lande rundt om i verden.

Kom til vores stand og se de nye 2024 kollektioner herunder de helt nye Equipe S11 bibshorts som sætter nye standarder. Få en snak med os om den nyeste udvikling indenfor cykelshorts og cykeltøj generelt. Vi glæder os til at se dig.

<div class="tom beskrivelse dansk"><p>ASSOS of Switzerlands mission er at levere innovativt og teknisk cykeltøj. I et moderne og klassisk design.</p>
<p>Baseret i Ticino &#8220;Terra di Ciclismo&#8221;, Schweiz, blev ASSOS of Switzerland grundlagt i 1976 med udviklingen af de første Lycra® cykelshorts. Takket være vores fortsatte investering i R&amp;D har Assos udviklet en række innovationer, der har vist retningen for hvordan cykelindustrien har udviklet sig i – og de fleste af dem er nu industristandarder: første Lycra®-shorts (&#8217;76), første sublimering (tryk) på en cykeltrøje (&#8217;80), første Elastic Interface cykelshorts pude (2001), Vælg dit Comfort-koncept (2003), Project Starbust, den hurtigste cykel fantomdragt på jorden (2004), S5 den næste generation af cykelshorts (2008), S7_S7 a game changer (2014) er kun nogle få eksempler.</p>
<p>I dag er vi hos ASSOS stolte af at kunne levere &#8220;Total Cycling Comfort&#8221; til mere end 30 lande rundt om i verden.</p>
<p>Kom til vores stand og se de nye 2024 kollektioner herunder de helt nye Equipe S11 bibshorts som sætter nye standarder. Få en snak med os om den nyeste udvikling indenfor cykelshorts og cykeltøj generelt. Vi glæder os til at se dig.</p>
</div>
