{"id":7958,"date":"2023-03-01T09:07:36","date_gmt":"2023-03-01T08:07:36","guid":{"rendered":"https:\/\/copenhagenbikeshow.dk\/brand\/vaetternrundan\/"},"modified":"2023-09-29T12:39:31","modified_gmt":"2023-09-29T10:39:31","slug":"vaetternrundan","status":"publish","type":"brand","link":"https:\/\/nordicbikeshows.dk\/en\/brand\/vaetternrundan\/","title":{"rendered":"V\u00e4tternrundan"},"author":65,"featured_media":7857,"template":"","meta":{"_acf_changed":false,"_et_pb_use_builder":"","_et_pb_old_content":"","_et_gb_content_width":""},"udstillerkategori":[17,15],"maalgruppe":[],"udstillerider":[486],"posttyper":[180],"standpladser":[],"ug_messe":[469],"linkede_moduler":[],"class_list":["post-7958","brand","type-brand","status-publish","has-post-thumbnail","hentry"],"acf":{"title_en":"V\u00e4tternrundan","link_til_modul":null,"udstillerkategori":[15,17],"maalgruppe":false,"beskrivelse":"With a beautiful scenery we invite you to the world\u2019s largest recreational bike challenge, V\u00e4tternrundan315km. The first V\u00e4tternrundan took place in 1966 with just over 300 riders, and since then the ride has grown to be a must for cyclists worldwide. Today V\u00e4tternrundan consists of different bike challenges with start and finish in Motala; V\u00e4tternrundan315km, Halvv\u00e4ttern150km, V\u00e4tternrundan100km, Tjejv\u00e4ttern100km, MTB-V\u00e4ttern and Mini-V\u00e4ttern for the youngest participants. By participating in one of our events, you are not only experiencing the beautiful sceneries of Lake V\u00e4ttern but also many important natural and historical heritages, like the medieval town Sk\u00e4nninge, G\u00f6ta Kanal the largest Swedish construction project in modern times and the hilly forest Tiveden. V\u00e4tternrundan gathers almost 36 000 participants from all over the world, each year. The event takes place in June and is part of the Swedish Classic!\r\n\r\nWishing to register for one of our bike challenges or finding out the possibilities being an exhibitor during the event in Motala? Welcome to visit us in Sweden By bikes expo area.","beskrivelse_en":"","_thumbnail_id":7857,"billeder":[7859,7861,7869,7867,7873],"some_udstillerside":true,"hjemmeside":"","facebook":"","linkedin":"","instagram":"","youtube":"","url_video":"https:\/\/www.youtube.com\/watch?v=fcSvM8TnxcU","video_splash":7875,"relation_linket_modul":"","modul_standplads":["standard"],"modul_ug_messe":[469],"brand_godkendt":[],"accepter_betingelser":[],"budget_til_markedsforing_af_brand":false,"land":"","tekst_til_opslag":"","kort_tekst_til_reel":"","video_9_16":null,"link_video_9_16":"","video_1_1_format":null,"video_1_1":"","billeder_til_en_story":null,"dato_for_opslag":null,"link_til_opslag":"","relation_udstiller":[7854],"relation_module_notes":null,"oversaet_til_engelsk":false,"oversaet_titel_til_engelsk":false,"overskriv_oversaettelse":false,"standpladser":false,"standard_url":"vaetternrundan?messe=cbs","posttyper":[180],"linkede_moduler":false,"udstillerider":[486]},"_links":{"self":[{"href":"https:\/\/nordicbikeshows.dk\/en\/wp-json\/wp\/v2\/brand\/7958","targetHints":{"allow":["GET"]}}],"collection":[{"href":"https:\/\/nordicbikeshows.dk\/en\/wp-json\/wp\/v2\/brand"}],"about":[{"href":"https:\/\/nordicbikeshows.dk\/en\/wp-json\/wp\/v2\/types\/brand"}],"author":[{"embeddable":true,"href":"https:\/\/nordicbikeshows.dk\/en\/wp-json\/wp\/v2\/users\/65"}],"acf:post":[{"embeddable":true,"href":"https:\/\/nordicbikeshows.dk\/en\/wp-json\/wp\/v2\/udstiller\/7854"}],"acf:attachment":[{"embeddable":true,"href":"https:\/\/nordicbikeshows.dk\/en\/wp-json\/wp\/v2\/media\/7873"},{"embeddable":true,"href":"https:\/\/nordicbikeshows.dk\/en\/wp-json\/wp\/v2\/media\/7867"},{"embeddable":true,"href":"https:\/\/nordicbikeshows.dk\/en\/wp-json\/wp\/v2\/media\/7869"},{"embeddable":true,"href":"https:\/\/nordicbikeshows.dk\/en\/wp-json\/wp\/v2\/media\/7861"},{"embeddable":true,"href":"https:\/\/nordicbikeshows.dk\/en\/wp-json\/wp\/v2\/media\/7859"}],"wp:featuredmedia":[{"embeddable":true,"href":"https:\/\/nordicbikeshows.dk\/en\/wp-json\/wp\/v2\/media\/7857"}],"wp:attachment":[{"href":"https:\/\/nordicbikeshows.dk\/en\/wp-json\/wp\/v2\/media?parent=7958"}],"wp:term":[{"taxonomy":"udstillerkategori","embeddable":true,"href":"https:\/\/nordicbikeshows.dk\/en\/wp-json\/wp\/v2\/udstillerkategori?post=7958"},{"taxonomy":"maalgruppe","embeddable":true,"href":"https:\/\/nordicbikeshows.dk\/en\/wp-json\/wp\/v2\/maalgruppe?post=7958"},{"taxonomy":"udstillerider","embeddable":true,"href":"https:\/\/nordicbikeshows.dk\/en\/wp-json\/wp\/v2\/udstillerider?post=7958"},{"taxonomy":"posttyper","embeddable":true,"href":"https:\/\/nordicbikeshows.dk\/en\/wp-json\/wp\/v2\/posttyper?post=7958"},{"taxonomy":"standpladser","embeddable":true,"href":"https:\/\/nordicbikeshows.dk\/en\/wp-json\/wp\/v2\/standpladser?post=7958"},{"taxonomy":"ug_messe","embeddable":true,"href":"https:\/\/nordicbikeshows.dk\/en\/wp-json\/wp\/v2\/ug_messe?post=7958"},{"taxonomy":"linkede_moduler","embeddable":true,"href":"https:\/\/nordicbikeshows.dk\/en\/wp-json\/wp\/v2\/linkede_moduler?post=7958"}],"curies":[{"name":"wp","href":"https:\/\/api.w.org\/{rel}","templated":true}]}}

Vätternrundan

With a beautiful scenery we invite you to the world’s largest recreational bike challenge, Vätternrundan315km. The first Vätternrundan took place in 1966 with just over 300 riders, and since then the ride has grown to be a must for cyclists worldwide. Today Vätternrundan consists of different bike challenges with start and finish in Motala; Vätternrundan315km, Halvvättern150km, Vätternrundan100km, Tjejvättern100km, MTB-Vättern and Mini-Vättern for the youngest participants. By participating in one of our events, you are not only experiencing the beautiful sceneries of Lake Vättern but also many important natural and historical heritages, like the medieval town Skänninge, Göta Kanal the largest Swedish construction project in modern times and the hilly forest Tiveden. Vätternrundan gathers almost 36 000 participants from all over the world, each year. The event takes place in June and is part of the Swedish Classic!

Wishing to register for one of our bike challenges or finding out the possibilities being an exhibitor during the event in Motala? Welcome to visit us in Sweden By bikes expo area.
