{"id":13457,"date":"2023-10-30T19:40:37","date_gmt":"2023-10-30T18:40:37","guid":{"rendered":"https:\/\/nordicbikeshows.dk\/?post_type=foredrag&#038;p=13457"},"modified":"2024-02-05T22:14:48","modified_gmt":"2024-02-05T21:14:48","slug":"dan-frost","status":"publish","type":"foredrag","link":"https:\/\/nordicbikeshows.dk\/en\/lecture\/dan-frost\/","title":{"rendered":"Dan Frost"},"author":2,"featured_media":5710,"template":"","meta":{"_acf_changed":false,"_et_pb_use_builder":"","_et_pb_old_content":"","_et_gb_content_width":""},"maalgruppe":[],"udstillerider":[544],"posttyper":[298],"standpladser":[],"ug_messe":[468],"linkede_moduler":[],"aktivitetskategori":[6],"programsted":[787],"programdag":[212],"programtidspunkt":[215],"class_list":["post-13457","foredrag","type-foredrag","status-publish","has-post-thumbnail","hentry"],"acf":{"title_en":"Dan Frost","link_til_modul":null,"aktivitetskategori":[6],"maalgruppe":false,"teaser":"Hvor skal cykelrejsen g\u00e5 hen i 2024?","teaser_en":"Hvor skal cykelrejsen g\u00e5 hen i 2024?","beskrivelse":"<p style=\"margin: 0cm; vertical-align: baseline;\"><span style=\"font-size: 13.0pt; font-family: 'Arial',sans-serif;\">Kom til foredrag med Dan Frost, og h\u00f8r om deres sp\u00e6ndende rejser til alle de kendte (og mindre kendte) bjerge i Sydeuropa.<\/span><\/p>\r\n<p style=\"margin: 0cm; vertical-align: baseline; box-sizing: border-box; outline: 0px; text-size-adjust: 100%;\"><span style=\"font-size: 13.0pt; font-family: 'Arial',sans-serif;\">De har b\u00e5de rejser til Alperne, Pyren\u00e6erne, Mallorca og Altea samt USA, Italien og Fuerteventura.<\/span><\/p>\r\n<p style=\"margin: 0cm; vertical-align: baseline; box-sizing: border-box; outline: 0px; text-size-adjust: 100%;\"><span style=\"font-size: 13.0pt; font-family: 'Arial',sans-serif;\">Her kan du teste dig selv og dine cykelkammerater af p\u00e5 Tour de France-stigninger som Alpe d\u2019Huez, Tourmalet, Hautacam, Aubisque og mange, mange flere.<\/span><\/p>\r\n<p style=\"margin: 0cm; vertical-align: baseline; box-sizing: border-box; outline: 0px; text-size-adjust: 100%;\"><span style=\"font-size: 13.0pt; font-family: 'Arial',sans-serif;\">Eller nyd en efter\u00e5rstur i uge 40 til Calpeomr\u00e5det, hvor masser af proffer bor og tr\u00e6ner hele \u00e5ret rundt.<\/span><\/p>\r\n<p style=\"margin: 0cm; vertical-align: baseline; box-sizing: border-box; outline: 0px; text-size-adjust: 100%;\"><span style=\"font-size: 13.0pt; font-family: 'Arial',sans-serif;\">Og hvis du ikke cykler, men er vild med Tour de France, s\u00e5 har de en VIP-tur til Tour-afslutningen i Nice i juli \u2013 hvor du bare skal nyde showet fra en \u201ckongeplads\u201d p\u00e5 tribunen.<\/span><\/p>\r\n<p style=\"margin: 0cm; vertical-align: baseline; box-sizing: border-box; outline: 0px; text-size-adjust: 100%;\"><span style=\"font-size: 13.0pt; font-family: 'Arial',sans-serif;\">Er du nysgerrig? S\u00e5 h\u00f8r Dan fort\u00e6lle eller bes\u00f8g dem p\u00e5 stand 14.<\/span><\/p>","beskrivelse_en":"<div class=\"tom beskrivelse dansk\"><p style=\"margin: 0cm; vertical-align: baseline;\"><span style=\"font-size: 13.0pt; font-family: 'Arial',sans-serif;\">Kom til foredrag med Dan Frost, og h\u00f8r om deres sp\u00e6ndende rejser til alle de kendte (og mindre kendte) bjerge i Sydeuropa.<\/span><\/p>\n<p style=\"margin: 0cm; vertical-align: baseline; box-sizing: border-box; outline: 0px; text-size-adjust: 100%;\"><span style=\"font-size: 13.0pt; font-family: 'Arial',sans-serif;\">De har b\u00e5de rejser til Alperne, Pyren\u00e6erne, Mallorca og Altea samt USA, Italien og Fuerteventura.<\/span><\/p>\n<p style=\"margin: 0cm; vertical-align: baseline; box-sizing: border-box; outline: 0px; text-size-adjust: 100%;\"><span style=\"font-size: 13.0pt; font-family: 'Arial',sans-serif;\">Her kan du teste dig selv og dine cykelkammerater af p\u00e5 Tour de France-stigninger som Alpe d\u2019Huez, Tourmalet, Hautacam, Aubisque og mange, mange flere.<\/span><\/p>\n<p style=\"margin: 0cm; vertical-align: baseline; box-sizing: border-box; outline: 0px; text-size-adjust: 100%;\"><span style=\"font-size: 13.0pt; font-family: 'Arial',sans-serif;\">Eller nyd en efter\u00e5rstur i uge 40 til Calpeomr\u00e5det, hvor masser af proffer bor og tr\u00e6ner hele \u00e5ret rundt.<\/span><\/p>\n<p style=\"margin: 0cm; vertical-align: baseline; box-sizing: border-box; outline: 0px; text-size-adjust: 100%;\"><span style=\"font-size: 13.0pt; font-family: 'Arial',sans-serif;\">Og hvis du ikke cykler, men er vild med Tour de France, s\u00e5 har de en VIP-tur til Tour-afslutningen i Nice i juli \u2013 hvor du bare skal nyde showet fra en \u201ckongeplads\u201d p\u00e5 tribunen.<\/span><\/p>\n<p style=\"margin: 0cm; vertical-align: baseline; box-sizing: border-box; outline: 0px; text-size-adjust: 100%;\"><span style=\"font-size: 13.0pt; font-family: 'Arial',sans-serif;\">Er du nysgerrig? S\u00e5 h\u00f8r Dan fort\u00e6lle eller bes\u00f8g dem p\u00e5 stand 14.<\/span><\/p>\n<\/div>","_thumbnail_id":5710,"billeder":[13460,13458],"url_video":"","video_splash":"","modul_standplads":["standard"],"programsted":[787],"programdag":[212],"programtidspunkt":[215],"tidspunkter":[{"dag":"soendag","tidspunkt":"11:00:00","sluttidspunkt":"11:45:00","relation_tidspunkt":[17387],"dag_tid_org":"S\u00f8ndag kl. 11.00-11.45","dag_tid_org_en":"Sunday @ 11:00-11:45","slug":"_7_soendag_11-00_dan-frost_11-45"}],"modul_ug_messe":[468],"relation_udstiller":[6730],"relation_module_notes":null,"oversaet_til_engelsk":false,"oversaet_titel_til_engelsk":false,"overskriv_oversaettelse":false,"standpladser":false,"standard_url":"dan-frost?messe=velodays_ballerup","posttyper":[298],"linkede_moduler":false,"udstillerider":[544]},"_links":{"self":[{"href":"https:\/\/nordicbikeshows.dk\/en\/wp-json\/wp\/v2\/foredrag\/13457","targetHints":{"allow":["GET"]}}],"collection":[{"href":"https:\/\/nordicbikeshows.dk\/en\/wp-json\/wp\/v2\/foredrag"}],"about":[{"href":"https:\/\/nordicbikeshows.dk\/en\/wp-json\/wp\/v2\/types\/foredrag"}],"author":[{"embeddable":true,"href":"https:\/\/nordicbikeshows.dk\/en\/wp-json\/wp\/v2\/users\/2"}],"acf:post":[{"embeddable":true,"href":"https:\/\/nordicbikeshows.dk\/en\/wp-json\/wp\/v2\/arrangoer\/6730"}],"acf:attachment":[{"embeddable":true,"href":"https:\/\/nordicbikeshows.dk\/en\/wp-json\/wp\/v2\/media\/13458"},{"embeddable":true,"href":"https:\/\/nordicbikeshows.dk\/en\/wp-json\/wp\/v2\/media\/13460"}],"wp:featuredmedia":[{"embeddable":true,"href":"https:\/\/nordicbikeshows.dk\/en\/wp-json\/wp\/v2\/media\/5710"}],"wp:attachment":[{"href":"https:\/\/nordicbikeshows.dk\/en\/wp-json\/wp\/v2\/media?parent=13457"}],"wp:term":[{"taxonomy":"maalgruppe","embeddable":true,"href":"https:\/\/nordicbikeshows.dk\/en\/wp-json\/wp\/v2\/maalgruppe?post=13457"},{"taxonomy":"udstillerider","embeddable":true,"href":"https:\/\/nordicbikeshows.dk\/en\/wp-json\/wp\/v2\/udstillerider?post=13457"},{"taxonomy":"posttyper","embeddable":true,"href":"https:\/\/nordicbikeshows.dk\/en\/wp-json\/wp\/v2\/posttyper?post=13457"},{"taxonomy":"standpladser","embeddable":true,"href":"https:\/\/nordicbikeshows.dk\/en\/wp-json\/wp\/v2\/standpladser?post=13457"},{"taxonomy":"ug_messe","embeddable":true,"href":"https:\/\/nordicbikeshows.dk\/en\/wp-json\/wp\/v2\/ug_messe?post=13457"},{"taxonomy":"linkede_moduler","embeddable":true,"href":"https:\/\/nordicbikeshows.dk\/en\/wp-json\/wp\/v2\/linkede_moduler?post=13457"},{"taxonomy":"aktivitetskategori","embeddable":true,"href":"https:\/\/nordicbikeshows.dk\/en\/wp-json\/wp\/v2\/aktivitetskategori?post=13457"},{"taxonomy":"programsted","embeddable":true,"href":"https:\/\/nordicbikeshows.dk\/en\/wp-json\/wp\/v2\/programsted?post=13457"},{"taxonomy":"programdag","embeddable":true,"href":"https:\/\/nordicbikeshows.dk\/en\/wp-json\/wp\/v2\/programdag?post=13457"},{"taxonomy":"programtidspunkt","embeddable":true,"href":"https:\/\/nordicbikeshows.dk\/en\/wp-json\/wp\/v2\/programtidspunkt?post=13457"}],"curies":[{"name":"wp","href":"https:\/\/api.w.org\/{rel}","templated":true}]}}

Hvor skal cykelrejsen gå hen i 2024?

<p style="margin: 0cm; vertical-align: baseline;"><span style="font-size: 13.0pt; font-family: 'Arial',sans-serif;">Kom til foredrag med Dan Frost, og hør om deres spændende rejser til alle de kendte (og mindre kendte) bjerge i Sydeuropa.</span></p>
<p style="margin: 0cm; vertical-align: baseline; box-sizing: border-box; outline: 0px; text-size-adjust: 100%;"><span style="font-size: 13.0pt; font-family: 'Arial',sans-serif;">De har både rejser til Alperne, Pyrenæerne, Mallorca og Altea samt USA, Italien og Fuerteventura.</span></p>
<p style="margin: 0cm; vertical-align: baseline; box-sizing: border-box; outline: 0px; text-size-adjust: 100%;"><span style="font-size: 13.0pt; font-family: 'Arial',sans-serif;">Her kan du teste dig selv og dine cykelkammerater af på Tour de France-stigninger som Alpe d’Huez, Tourmalet, Hautacam, Aubisque og mange, mange flere.</span></p>
<p style="margin: 0cm; vertical-align: baseline; box-sizing: border-box; outline: 0px; text-size-adjust: 100%;"><span style="font-size: 13.0pt; font-family: 'Arial',sans-serif;">Eller nyd en efterårstur i uge 40 til Calpeområdet, hvor masser af proffer bor og træner hele året rundt.</span></p>
<p style="margin: 0cm; vertical-align: baseline; box-sizing: border-box; outline: 0px; text-size-adjust: 100%;"><span style="font-size: 13.0pt; font-family: 'Arial',sans-serif;">Og hvis du ikke cykler, men er vild med Tour de France, så har de en VIP-tur til Tour-afslutningen i Nice i juli – hvor du bare skal nyde showet fra en “kongeplads” på tribunen.</span></p>
<p style="margin: 0cm; vertical-align: baseline; box-sizing: border-box; outline: 0px; text-size-adjust: 100%;"><span style="font-size: 13.0pt; font-family: 'Arial',sans-serif;">Er du nysgerrig? Så hør Dan fortælle eller besøg dem på stand 14.</span></p>

<div class="tom beskrivelse dansk"><p style="margin: 0cm; vertical-align: baseline;"><span style="font-size: 13.0pt; font-family: 'Arial',sans-serif;">Kom til foredrag med Dan Frost, og hør om deres spændende rejser til alle de kendte (og mindre kendte) bjerge i Sydeuropa.</span></p>
<p style="margin: 0cm; vertical-align: baseline; box-sizing: border-box; outline: 0px; text-size-adjust: 100%;"><span style="font-size: 13.0pt; font-family: 'Arial',sans-serif;">De har både rejser til Alperne, Pyrenæerne, Mallorca og Altea samt USA, Italien og Fuerteventura.</span></p>
<p style="margin: 0cm; vertical-align: baseline; box-sizing: border-box; outline: 0px; text-size-adjust: 100%;"><span style="font-size: 13.0pt; font-family: 'Arial',sans-serif;">Her kan du teste dig selv og dine cykelkammerater af på Tour de France-stigninger som Alpe d’Huez, Tourmalet, Hautacam, Aubisque og mange, mange flere.</span></p>
<p style="margin: 0cm; vertical-align: baseline; box-sizing: border-box; outline: 0px; text-size-adjust: 100%;"><span style="font-size: 13.0pt; font-family: 'Arial',sans-serif;">Eller nyd en efterårstur i uge 40 til Calpeområdet, hvor masser af proffer bor og træner hele året rundt.</span></p>
<p style="margin: 0cm; vertical-align: baseline; box-sizing: border-box; outline: 0px; text-size-adjust: 100%;"><span style="font-size: 13.0pt; font-family: 'Arial',sans-serif;">Og hvis du ikke cykler, men er vild med Tour de France, så har de en VIP-tur til Tour-afslutningen i Nice i juli – hvor du bare skal nyde showet fra en “kongeplads” på tribunen.</span></p>
<p style="margin: 0cm; vertical-align: baseline; box-sizing: border-box; outline: 0px; text-size-adjust: 100%;"><span style="font-size: 13.0pt; font-family: 'Arial',sans-serif;">Er du nysgerrig? Så hør Dan fortælle eller besøg dem på stand 14.</span></p>
</div>

Søndag kl. 11.00-11.45
