{"id":17263,"date":"2024-02-05T17:21:03","date_gmt":"2024-02-05T16:21:03","guid":{"rendered":"https:\/\/nordicbikeshows.dk\/?post_type=foredrag&#038;p=17263"},"modified":"2025-01-28T10:28:19","modified_gmt":"2025-01-28T09:28:19","slug":"bicycle-film-festival-2","status":"publish","type":"foredrag","link":"https:\/\/nordicbikeshows.dk\/en\/lecture\/bicycle-film-festival-2\/","title":{"rendered":"Bicycle Film Festival"},"author":2,"featured_media":17771,"template":"","meta":{"_acf_changed":false,"_et_pb_use_builder":"","_et_pb_old_content":"","_et_gb_content_width":""},"maalgruppe":[806,807],"udstillerider":[544],"posttyper":[298],"standpladser":[],"ug_messe":[466],"linkede_moduler":[],"aktivitetskategori":[444],"programsted":[1230],"programdag":[212],"programtidspunkt":[216],"class_list":["post-17263","foredrag","type-foredrag","status-publish","has-post-thumbnail","hentry"],"acf":{"title_en":"Bicycle Film Festival","link_til_modul":null,"aktivitetskategori":[444],"maalgruppe":[806,807],"teaser":"Cinematic - kortfilm","teaser_en":"Cinematic - short films","beskrivelse":"<em><strong>To historiedrevne film i forskellige cinematiske stilarter<\/strong><\/em>\r\n\r\n<strong>EVERY SUMMER IN JULY<\/strong>\r\nDir. Andreas Scheffer | Tyskland, Frankrig 2021 16 min.\r\nEt intimt kig p\u00e5 Tour de France. Filmet p\u00e5 Super 8 i over et \u00e5rti.\r\n\r\n<strong>REVOLUTIONS<\/strong>\r\nDir. Jon Chiang | Canada, USA 2022 15 min.\r\nVi ved, at cykling er godt for milj\u00f8et, men hvad med cykler? Denne dokumentar ser p\u00e5 det affald, der skabes af cykelfremstilling og -forbrug, og opmuntrer os til at t\u00e6nke p\u00e5 den cirkul\u00e6re \u00f8konomi som en vej frem gennem unders\u00f8gelsesjournalistik og animation.","beskrivelse_en":"<strong><em>Two story-driven films with diverse filmmaking styles<\/em><\/strong>\r\n\r\n<strong>EVERY SUMMER IN JULY<\/strong>\r\nDir. Andreas Scheffer | Germany, France 2021 16min.\r\nAn intimate look at the Tour de France. Filmed on Super 8 for over a decade.\r\n\r\n<strong>REVOLUTIONS<\/strong>\r\nDir. Jon Chiang | Canada, USA 2022 15min.\r\nWe know that cycling is good for the environment but what about bikes? This documentary looks at the waste created by bike manufacturing and consumption and encourages us to think about the circular economy as a way forward through investigation journalism and animation.","_thumbnail_id":17771,"billeder":[17769,17767,17765,17763,17761,17773],"url_video":"https:\/\/vimeo.com\/915905674\/e0ddac874c?share=copy","video_splash":18734,"modul_standplads":["standard"],"programsted":[1230],"programdag":[212],"programtidspunkt":[216],"tidspunkter":[{"dag":"soendag","tidspunkt":"10:15:00","sluttidspunkt":"10:55:00","relation_tidspunkt":[17327],"dag_tid_org":"S\u00f8ndag kl. 10.15-10.55","dag_tid_org_en":"Sunday @ 10:15-10:55","slug":"_7_soendag_10-15_bicycle-film-festival_10-55"}],"modul_ug_messe":[466],"relation_udstiller":[6730],"relation_module_notes":null,"oversaet_til_engelsk":false,"oversaet_titel_til_engelsk":false,"overskriv_oversaettelse":false,"standpladser":false,"standard_url":"bicycle-film-festival?messe=cbs","posttyper":[298],"linkede_moduler":false,"udstillerider":[544]},"_links":{"self":[{"href":"https:\/\/nordicbikeshows.dk\/en\/wp-json\/wp\/v2\/foredrag\/17263","targetHints":{"allow":["GET"]}}],"collection":[{"href":"https:\/\/nordicbikeshows.dk\/en\/wp-json\/wp\/v2\/foredrag"}],"about":[{"href":"https:\/\/nordicbikeshows.dk\/en\/wp-json\/wp\/v2\/types\/foredrag"}],"author":[{"embeddable":true,"href":"https:\/\/nordicbikeshows.dk\/en\/wp-json\/wp\/v2\/users\/2"}],"acf:post":[{"embeddable":true,"href":"https:\/\/nordicbikeshows.dk\/en\/wp-json\/wp\/v2\/arrangoer\/6730"}],"acf:attachment":[{"embeddable":true,"href":"https:\/\/nordicbikeshows.dk\/en\/wp-json\/wp\/v2\/media\/17773"},{"embeddable":true,"href":"https:\/\/nordicbikeshows.dk\/en\/wp-json\/wp\/v2\/media\/17761"},{"embeddable":true,"href":"https:\/\/nordicbikeshows.dk\/en\/wp-json\/wp\/v2\/media\/17763"},{"embeddable":true,"href":"https:\/\/nordicbikeshows.dk\/en\/wp-json\/wp\/v2\/media\/17765"},{"embeddable":true,"href":"https:\/\/nordicbikeshows.dk\/en\/wp-json\/wp\/v2\/media\/17767"},{"embeddable":true,"href":"https:\/\/nordicbikeshows.dk\/en\/wp-json\/wp\/v2\/media\/17769"}],"wp:featuredmedia":[{"embeddable":true,"href":"https:\/\/nordicbikeshows.dk\/en\/wp-json\/wp\/v2\/media\/17771"}],"wp:attachment":[{"href":"https:\/\/nordicbikeshows.dk\/en\/wp-json\/wp\/v2\/media?parent=17263"}],"wp:term":[{"taxonomy":"maalgruppe","embeddable":true,"href":"https:\/\/nordicbikeshows.dk\/en\/wp-json\/wp\/v2\/maalgruppe?post=17263"},{"taxonomy":"udstillerider","embeddable":true,"href":"https:\/\/nordicbikeshows.dk\/en\/wp-json\/wp\/v2\/udstillerider?post=17263"},{"taxonomy":"posttyper","embeddable":true,"href":"https:\/\/nordicbikeshows.dk\/en\/wp-json\/wp\/v2\/posttyper?post=17263"},{"taxonomy":"standpladser","embeddable":true,"href":"https:\/\/nordicbikeshows.dk\/en\/wp-json\/wp\/v2\/standpladser?post=17263"},{"taxonomy":"ug_messe","embeddable":true,"href":"https:\/\/nordicbikeshows.dk\/en\/wp-json\/wp\/v2\/ug_messe?post=17263"},{"taxonomy":"linkede_moduler","embeddable":true,"href":"https:\/\/nordicbikeshows.dk\/en\/wp-json\/wp\/v2\/linkede_moduler?post=17263"},{"taxonomy":"aktivitetskategori","embeddable":true,"href":"https:\/\/nordicbikeshows.dk\/en\/wp-json\/wp\/v2\/aktivitetskategori?post=17263"},{"taxonomy":"programsted","embeddable":true,"href":"https:\/\/nordicbikeshows.dk\/en\/wp-json\/wp\/v2\/programsted?post=17263"},{"taxonomy":"programdag","embeddable":true,"href":"https:\/\/nordicbikeshows.dk\/en\/wp-json\/wp\/v2\/programdag?post=17263"},{"taxonomy":"programtidspunkt","embeddable":true,"href":"https:\/\/nordicbikeshows.dk\/en\/wp-json\/wp\/v2\/programtidspunkt?post=17263"}],"curies":[{"name":"wp","href":"https:\/\/api.w.org\/{rel}","templated":true}]}}

<em><strong>To historiedrevne film i forskellige cinematiske stilarter</strong></em>

<strong>EVERY SUMMER IN JULY</strong>
Dir. Andreas Scheffer | Tyskland, Frankrig 2021 16 min.
Et intimt kig på Tour de France. Filmet på Super 8 i over et årti.

<strong>REVOLUTIONS</strong>
Dir. Jon Chiang | Canada, USA 2022 15 min.
Vi ved, at cykling er godt for miljøet, men hvad med cykler? Denne dokumentar ser på det affald, der skabes af cykelfremstilling og -forbrug, og opmuntrer os til at tænke på den cirkulære økonomi som en vej frem gennem undersøgelsesjournalistik og animation.

Søndag kl. 10.15-10.55
