{"id":25160,"date":"2025-01-28T10:32:29","date_gmt":"2025-01-28T09:32:29","guid":{"rendered":"https:\/\/nordicbikeshows.dk\/?post_type=foredrag&#038;p=25160"},"modified":"2025-02-08T20:02:46","modified_gmt":"2025-02-08T19:02:46","slug":"aerodynamik-for-motionister","status":"publish","type":"foredrag","link":"https:\/\/nordicbikeshows.dk\/en\/lecture\/aerodynamik-for-motionister\/","title":{"rendered":"Aerodynamics for exercise riders"},"author":2,"featured_media":25163,"template":"","meta":{"_acf_changed":false,"_et_pb_use_builder":"","_et_pb_old_content":"","_et_gb_content_width":""},"maalgruppe":[803],"udstillerider":[544],"posttyper":[298],"standpladser":[],"ug_messe":[1139],"linkede_moduler":[],"aktivitetskategori":[6],"programsted":[301],"programdag":[211],"programtidspunkt":[209],"class_list":["post-25160","foredrag","type-foredrag","status-publish","has-post-thumbnail","hentry"],"acf":{"title_en":"Aerodynamics for exercise riders","link_til_modul":null,"aktivitetskategori":[6],"maalgruppe":[803],"teaser":"Hvorfor skal jeg t\u00e6nke p\u00e5 aerodynamik?","teaser_en":"Why should I think about aerodynamics?","beskrivelse":"Giver det mening at g\u00e5 op i aerodynamik, n\u00e5r man ikke k\u00f8rer samme hastighed som profferne?\r\n\r\nDet sp\u00f8rgsm\u00e5l besvarer Frederik Muff blandt andet i sit opl\u00e6g og giver samtidigt h\u00e5ndgribelige input til hvordan du kan bryde vinden bedre - uden at det beh\u00f8ver koste en formue.\r\n\r\nFrederik Muff er en af landets f\u00f8rende eksperter i performanceoptimering og har b\u00e5de brugt sin viden til at selv at sl\u00e5 dobbelt dansk rekord i enkeltstart og en stribe topresultater i danske og internationale enkeltstarter, men ogs\u00e5 hjulpet med optimeringen af b\u00e5de ambiti\u00f8se motionister og en stribe af verdens bedste triatleter og cykelryttere.\r\n\r\n<strong><em>Foredraget er gratis, n\u00e5r du har k\u00f8bt billet til messen. Det afholdes p\u00e5 dansk.<\/em><\/strong>","beskrivelse_en":"Does it make sense to focus on aerodynamics when you don't ride at the same speed as the pros?\r\n\r\nFrederik Muff answers that question in his presentation, among other things, and at the same time provides tangible input on how you can break the wind better - without it having to cost a fortune.\r\n\r\nFrederik Muff is one of the country's leading experts in performance optimization and has used his knowledge to break a double Danish record in time trial and a string of top results in Danish and international time trials, but has also helped with the optimization of both ambitious exercisers and a string of the world's best triathletes and cyclists.\r\n\r\n<strong><em>The lecture will be held in Danish, and is free when you have bought a ticket to the fair.<\/em><\/strong>","_thumbnail_id":25163,"billeder":"","url_video":"","video_splash":"","modul_standplads":["standard"],"programsted":[301],"programdag":[211],"programtidspunkt":[209],"tidspunkter":[{"dag":"loerdag","tidspunkt":"14:30:00","sluttidspunkt":"15:10:00","relation_tidspunkt":[25165],"dag_tid_org":"<span class=\"dag\">L\u00f8rdag <\/span><span class=\"tidspunkt\">kl. 14.30-15.10<\/span>","dag_tid_org_en":"<span class=\"dag\">Saturday <\/span><span class=\"tidspunkt\">@ 14:30-15:10<\/span>","slug":"_6_loerdag_14-30_aerodynamik-for-motionister_15-10"}],"modul_ug_messe":[1139],"relation_udstiller":[6730],"relation_module_notes":"","oversaet_til_engelsk":false,"oversaet_titel_til_engelsk":false,"overskriv_oversaettelse":false,"standpladser":false,"standard_url":"aerodynamik-for-motionister?messe=cbs2025","posttyper":[298],"linkede_moduler":false,"udstillerider":[544]},"_links":{"self":[{"href":"https:\/\/nordicbikeshows.dk\/en\/wp-json\/wp\/v2\/foredrag\/25160","targetHints":{"allow":["GET"]}}],"collection":[{"href":"https:\/\/nordicbikeshows.dk\/en\/wp-json\/wp\/v2\/foredrag"}],"about":[{"href":"https:\/\/nordicbikeshows.dk\/en\/wp-json\/wp\/v2\/types\/foredrag"}],"author":[{"embeddable":true,"href":"https:\/\/nordicbikeshows.dk\/en\/wp-json\/wp\/v2\/users\/2"}],"acf:post":[{"embeddable":true,"href":"https:\/\/nordicbikeshows.dk\/en\/wp-json\/wp\/v2\/arrangoer\/6730"}],"wp:featuredmedia":[{"embeddable":true,"href":"https:\/\/nordicbikeshows.dk\/en\/wp-json\/wp\/v2\/media\/25163"}],"wp:attachment":[{"href":"https:\/\/nordicbikeshows.dk\/en\/wp-json\/wp\/v2\/media?parent=25160"}],"wp:term":[{"taxonomy":"maalgruppe","embeddable":true,"href":"https:\/\/nordicbikeshows.dk\/en\/wp-json\/wp\/v2\/maalgruppe?post=25160"},{"taxonomy":"udstillerider","embeddable":true,"href":"https:\/\/nordicbikeshows.dk\/en\/wp-json\/wp\/v2\/udstillerider?post=25160"},{"taxonomy":"posttyper","embeddable":true,"href":"https:\/\/nordicbikeshows.dk\/en\/wp-json\/wp\/v2\/posttyper?post=25160"},{"taxonomy":"standpladser","embeddable":true,"href":"https:\/\/nordicbikeshows.dk\/en\/wp-json\/wp\/v2\/standpladser?post=25160"},{"taxonomy":"ug_messe","embeddable":true,"href":"https:\/\/nordicbikeshows.dk\/en\/wp-json\/wp\/v2\/ug_messe?post=25160"},{"taxonomy":"linkede_moduler","embeddable":true,"href":"https:\/\/nordicbikeshows.dk\/en\/wp-json\/wp\/v2\/linkede_moduler?post=25160"},{"taxonomy":"aktivitetskategori","embeddable":true,"href":"https:\/\/nordicbikeshows.dk\/en\/wp-json\/wp\/v2\/aktivitetskategori?post=25160"},{"taxonomy":"programsted","embeddable":true,"href":"https:\/\/nordicbikeshows.dk\/en\/wp-json\/wp\/v2\/programsted?post=25160"},{"taxonomy":"programdag","embeddable":true,"href":"https:\/\/nordicbikeshows.dk\/en\/wp-json\/wp\/v2\/programdag?post=25160"},{"taxonomy":"programtidspunkt","embeddable":true,"href":"https:\/\/nordicbikeshows.dk\/en\/wp-json\/wp\/v2\/programtidspunkt?post=25160"}],"curies":[{"name":"wp","href":"https:\/\/api.w.org\/{rel}","templated":true}]}}

Hvorfor skal jeg tænke på aerodynamik?

Giver det mening at gå op i aerodynamik, når man ikke kører samme hastighed som profferne?

Det spørgsmål besvarer Frederik Muff blandt andet i sit oplæg og giver samtidigt håndgribelige input til hvordan du kan bryde vinden bedre - uden at det behøver koste en formue.

Frederik Muff er en af landets førende eksperter i performanceoptimering og har både brugt sin viden til at selv at slå dobbelt dansk rekord i enkeltstart og en stribe topresultater i danske og internationale enkeltstarter, men også hjulpet med optimeringen af både ambitiøse motionister og en stribe af verdens bedste triatleter og cykelryttere.

<strong><em>Foredraget er gratis, når du har købt billet til messen. Det afholdes på dansk.</em></strong>

<span class="dag">Lørdag </span><span class="tidspunkt">kl. 14.30-15.10</span>
