{"id":26690,"date":"2025-02-20T15:30:48","date_gmt":"2025-02-20T14:30:48","guid":{"rendered":"https:\/\/nordicbikeshows.dk\/?post_type=kontaktperson&#038;p=26690"},"modified":"2025-02-20T15:32:18","modified_gmt":"2025-02-20T14:32:18","slug":"magnus-bank","status":"publish","type":"kontaktperson","link":"https:\/\/nordicbikeshows.dk\/en\/contact-person\/magnus-bank\/","title":{"rendered":"Magnus"},"author":281,"featured_media":26694,"template":"","meta":{"_acf_changed":false,"_et_pb_use_builder":"","_et_pb_old_content":"","_et_gb_content_width":""},"udstillerider":[1297],"posttyper":[195],"standpladser":[1717],"ug_messe":[1139],"linkede_moduler":[],"kompetencer":[39,38],"class_list":["post-26690","kontaktperson","type-kontaktperson","status-publish","has-post-thumbnail","hentry"],"acf":{"title_en":"Magnus","link_til_modul":null,"kompetencer":[39,38],"teaser":"Ejer","teaser_en":"Owner","beskrivelse":"Jeg driver Hr. V\u00e9lo p\u00e5 egen h\u00e5nd,\r\ns\u00e5 alle henvendelser lander f\u00f8r eller siden i mit sk\u00f8d!","beskrivelse_en":"<div class=\"tom beskrivelse dansk\"><p>Jeg driver Hr. V\u00e9lo p\u00e5 egen h\u00e5nd,<br \/>\ns\u00e5 alle henvendelser lander f\u00f8r eller siden i mit sk\u00f8d!<\/p>\n<\/div>","modul_standplads":["standard"],"telefon":"","email":"kontakt@hrvelo.dk","facebook":"","linkedin":"","modul_ug_messe":[1139],"relation_udstiller":[26674],"relation_module_notes":"","oversaet_til_engelsk":false,"oversaet_titel_til_engelsk":false,"overskriv_oversaettelse":false,"standpladser":[1717],"standard_url":"magnus-bank?messe=cbs2025","posttyper":[195],"linkede_moduler":false,"udstillerider":[1297]},"_links":{"self":[{"href":"https:\/\/nordicbikeshows.dk\/en\/wp-json\/wp\/v2\/kontaktperson\/26690","targetHints":{"allow":["GET"]}}],"collection":[{"href":"https:\/\/nordicbikeshows.dk\/en\/wp-json\/wp\/v2\/kontaktperson"}],"about":[{"href":"https:\/\/nordicbikeshows.dk\/en\/wp-json\/wp\/v2\/types\/kontaktperson"}],"author":[{"embeddable":true,"href":"https:\/\/nordicbikeshows.dk\/en\/wp-json\/wp\/v2\/users\/281"}],"acf:post":[{"embeddable":true,"href":"https:\/\/nordicbikeshows.dk\/en\/wp-json\/wp\/v2\/udstiller\/26674"}],"wp:featuredmedia":[{"embeddable":true,"href":"https:\/\/nordicbikeshows.dk\/en\/wp-json\/wp\/v2\/media\/26694"}],"wp:attachment":[{"href":"https:\/\/nordicbikeshows.dk\/en\/wp-json\/wp\/v2\/media?parent=26690"}],"wp:term":[{"taxonomy":"udstillerider","embeddable":true,"href":"https:\/\/nordicbikeshows.dk\/en\/wp-json\/wp\/v2\/udstillerider?post=26690"},{"taxonomy":"posttyper","embeddable":true,"href":"https:\/\/nordicbikeshows.dk\/en\/wp-json\/wp\/v2\/posttyper?post=26690"},{"taxonomy":"standpladser","embeddable":true,"href":"https:\/\/nordicbikeshows.dk\/en\/wp-json\/wp\/v2\/standpladser?post=26690"},{"taxonomy":"ug_messe","embeddable":true,"href":"https:\/\/nordicbikeshows.dk\/en\/wp-json\/wp\/v2\/ug_messe?post=26690"},{"taxonomy":"linkede_moduler","embeddable":true,"href":"https:\/\/nordicbikeshows.dk\/en\/wp-json\/wp\/v2\/linkede_moduler?post=26690"},{"taxonomy":"kompetencer","embeddable":true,"href":"https:\/\/nordicbikeshows.dk\/en\/wp-json\/wp\/v2\/kompetencer?post=26690"}],"curies":[{"name":"wp","href":"https:\/\/api.w.org\/{rel}","templated":true}]}}

Jeg driver Hr. Vélo på egen hånd,
så alle henvendelser lander før eller siden i mit skød!

<div class="tom beskrivelse dansk"><p>Jeg driver Hr. Vélo på egen hånd,<br />
så alle henvendelser lander før eller siden i mit skød!</p>
</div>
