{"id":17992,"date":"2024-02-19T08:21:32","date_gmt":"2024-02-19T07:21:32","guid":{"rendered":"https:\/\/nordicbikeshows.dk\/?post_type=produkt&#038;p=17992"},"modified":"2024-02-19T08:21:51","modified_gmt":"2024-02-19T07:21:51","slug":"assos-s11-bibshorts","status":"publish","type":"produkt","link":"https:\/\/nordicbikeshows.dk\/en\/product\/assos-s11-bibshorts\/","title":{"rendered":"Assos S11 Bibshorts"},"author":86,"featured_media":18025,"template":"","meta":{"_acf_changed":false,"_et_pb_use_builder":"","_et_pb_old_content":"","_et_gb_content_width":""},"udstillerkategori":[27],"maalgruppe":[806,805,807,803],"udstillerider":[502],"posttyper":[181],"standpladser":[1116],"ug_messe":[466],"linkede_moduler":[964],"class_list":["post-17992","produkt","type-produkt","status-publish","has-post-thumbnail","hentry"],"acf":{"title_en":"Assos S11 Bibshorts","link_til_linket_modul":null,"udstillerkategori":[27],"maalgruppe":[807,803,806,805],"teaser":"HELT NY RACE BIBSHORTS FRA ASSOS","teaser_en":"BRAND NEW BIBSHORTS MODEL FROM ASSOS","beskrivelse":"Den n\u00e6ste generation af vores WorldTour bib-shorts, nyudviklet med lavere v\u00e6gt, \u00f8get\u00a0 \u00e5ndbarhed og mere komfortabel kompression fra talje til raw-cut ben. F\u00e5s i standard eller lang version","beskrivelse_en":"The next generation of our flagship WorldTour bib shorts, re-engineered with lower weight, increased cooling breathability, and more comfortable, body-wrapping compression from waist to raw-cut leg openings. Available here in a standard leg length or long version.","_thumbnail_id":18025,"billeder":"","url_video":"https:\/\/www.youtube.com\/watch?v=LLMsZ8GeeMk&amp;t=10s","video_splash":"","relation_linket_modul":[7040],"modul_standplads":["standard"],"messepris":1949,"linket_modul_ug_messe":[466],"relation_udstiller":[6995],"relation_module_notes":null,"oversaet_til_engelsk":false,"oversaet_titel_til_engelsk":false,"overskriv_oversaettelse":false,"standpladser":[1116],"standard_url":"assos-s11-bibshorts?messe=","posttyper":[181],"linkede_moduler":[964],"udstillerider":[502]},"_links":{"self":[{"href":"https:\/\/nordicbikeshows.dk\/en\/wp-json\/wp\/v2\/produkt\/17992","targetHints":{"allow":["GET"]}}],"collection":[{"href":"https:\/\/nordicbikeshows.dk\/en\/wp-json\/wp\/v2\/produkt"}],"about":[{"href":"https:\/\/nordicbikeshows.dk\/en\/wp-json\/wp\/v2\/types\/produkt"}],"author":[{"embeddable":true,"href":"https:\/\/nordicbikeshows.dk\/en\/wp-json\/wp\/v2\/users\/86"}],"acf:post":[{"embeddable":true,"href":"https:\/\/nordicbikeshows.dk\/en\/wp-json\/wp\/v2\/udstiller\/6995"},{"embeddable":true,"href":"https:\/\/nordicbikeshows.dk\/en\/wp-json\/wp\/v2\/brand\/7040"}],"wp:featuredmedia":[{"embeddable":true,"href":"https:\/\/nordicbikeshows.dk\/en\/wp-json\/wp\/v2\/media\/18025"}],"wp:attachment":[{"href":"https:\/\/nordicbikeshows.dk\/en\/wp-json\/wp\/v2\/media?parent=17992"}],"wp:term":[{"taxonomy":"udstillerkategori","embeddable":true,"href":"https:\/\/nordicbikeshows.dk\/en\/wp-json\/wp\/v2\/udstillerkategori?post=17992"},{"taxonomy":"maalgruppe","embeddable":true,"href":"https:\/\/nordicbikeshows.dk\/en\/wp-json\/wp\/v2\/maalgruppe?post=17992"},{"taxonomy":"udstillerider","embeddable":true,"href":"https:\/\/nordicbikeshows.dk\/en\/wp-json\/wp\/v2\/udstillerider?post=17992"},{"taxonomy":"posttyper","embeddable":true,"href":"https:\/\/nordicbikeshows.dk\/en\/wp-json\/wp\/v2\/posttyper?post=17992"},{"taxonomy":"standpladser","embeddable":true,"href":"https:\/\/nordicbikeshows.dk\/en\/wp-json\/wp\/v2\/standpladser?post=17992"},{"taxonomy":"ug_messe","embeddable":true,"href":"https:\/\/nordicbikeshows.dk\/en\/wp-json\/wp\/v2\/ug_messe?post=17992"},{"taxonomy":"linkede_moduler","embeddable":true,"href":"https:\/\/nordicbikeshows.dk\/en\/wp-json\/wp\/v2\/linkede_moduler?post=17992"}],"curies":[{"name":"wp","href":"https:\/\/api.w.org\/{rel}","templated":true}]}}

Den næste generation af vores WorldTour bib-shorts, nyudviklet med lavere vægt, øget  åndbarhed og mere komfortabel kompression fra talje til raw-cut ben. Fås i standard eller lang version
