{"id":32651,"date":"2026-03-05T15:25:32","date_gmt":"2026-03-05T14:25:32","guid":{"rendered":"https:\/\/nordicbikeshows.dk\/?post_type=produkt&#038;p=32651"},"modified":"2026-03-05T15:25:32","modified_gmt":"2026-03-05T14:25:32","slug":"kunst-til-virksomheder-hvor-cykling-fylder-noget","status":"publish","type":"produkt","link":"https:\/\/nordicbikeshows.dk\/en\/product\/kunst-til-virksomheder-hvor-cykling-fylder-noget\/","title":{"rendered":"Kunst til virksomheder, hvor cykling fylder noget"},"author":287,"featured_media":32652,"template":"","meta":{"_acf_changed":false,"_et_pb_use_builder":"","_et_pb_old_content":"","_et_gb_content_width":""},"udstillerkategori":[15],"maalgruppe":[806,807,803,804],"udstillerider":[1315],"posttyper":[181],"standpladser":[1570],"ug_messe":[1407],"linkede_moduler":[1322],"class_list":["post-32651","produkt","type-produkt","status-publish","has-post-thumbnail","hentry"],"acf":{"title_en":"Kunst til virksomheder, hvor cykling fylder noget","link_til_linket_modul":null,"udstillerkategori":[15],"maalgruppe":[806,807,804,803],"teaser":"Kunst til virksomheder, hvor cykling fylder noget","teaser_en":"<div class=\"tom teaser dansk\">Kunst til virksomheder, hvor cykling fylder noget<\/div>","beskrivelse":"<strong>Kunst til virksomheder, hvor cykling fylder noget<\/strong>\r\n\r\nJeg skaber originale malerier og bestillingsv\u00e6rker til virksomheder, hvor cykling er en del af identiteten.\r\n\r\nDet kan v\u00e6re firmahold, v\u00e6rksteder, caf\u00e9er, sponsorer, cykelhoteller eller andre steder, hvor cykelsporten ikke bare er interesse, men en del af kulturen og samtalerne i hverdagen.\r\n\r\nMine v\u00e6rker tager afs\u00e6t i cykelsportens virkelighed og de mennesker, der lever i den. Ryttere, der k\u00e6mper sig frem gennem vind, bakker og lange s\u00e6soner. Ikke som show. Men som kunst, hvor cykling er en naturlig del af landskabet og motivet.\r\n\r\nSom tidligere semi professionel rytter kender jeg sporten indefra. Jeg ved, hvad der ligger bag lange tr\u00e6ningsture i regn, styrt, massespurter, nederlag og sejre. Den erfaring tager jeg med ind i mit arbejde og oms\u00e6tter til malerier med tyngde og n\u00e6rv\u00e6r.\r\n\r\nEt v\u00e6rk kan markere:\r\n\r\n\u2022 virksomhedens engagement i cykelsporten\r\n\r\n\u2022 v\u00e6rdier som vilje, styrke og f\u00e6llesskab\r\n\r\n\u2022 et s\u00e6rligt l\u00f8b, en s\u00e6son, et resultat eller et jubil\u00e6um\r\n\r\n\u2022 en rytter eller personlighed med betydning for jer\r\n\r\nHvert v\u00e6rk udvikles i dialog med jer. Format, motiv og udtryk tilpasses rummet og historien.\r\n\r\nResultatet er et originalt kunstv\u00e6rk, der samler jeres passion i \u00e9t billede.\r\n\r\nEt maleri, der viser, hvad I st\u00e5r for.","beskrivelse_en":"<div class=\"tom beskrivelse dansk\"><p><strong>Kunst til virksomheder, hvor cykling fylder noget<\/strong><\/p>\n<p>Jeg skaber originale malerier og bestillingsv\u00e6rker til virksomheder, hvor cykling er en del af identiteten.<\/p>\n<p>Det kan v\u00e6re firmahold, v\u00e6rksteder, caf\u00e9er, sponsorer, cykelhoteller eller andre steder, hvor cykelsporten ikke bare er interesse, men en del af kulturen og samtalerne i hverdagen.<\/p>\n<p>Mine v\u00e6rker tager afs\u00e6t i cykelsportens virkelighed og de mennesker, der lever i den. Ryttere, der k\u00e6mper sig frem gennem vind, bakker og lange s\u00e6soner. Ikke som show. Men som kunst, hvor cykling er en naturlig del af landskabet og motivet.<\/p>\n<p>Som tidligere semi professionel rytter kender jeg sporten indefra. Jeg ved, hvad der ligger bag lange tr\u00e6ningsture i regn, styrt, massespurter, nederlag og sejre. Den erfaring tager jeg med ind i mit arbejde og oms\u00e6tter til malerier med tyngde og n\u00e6rv\u00e6r.<\/p>\n<p>Et v\u00e6rk kan markere:<\/p>\n<p>\u2022 virksomhedens engagement i cykelsporten<\/p>\n<p>\u2022 v\u00e6rdier som vilje, styrke og f\u00e6llesskab<\/p>\n<p>\u2022 et s\u00e6rligt l\u00f8b, en s\u00e6son, et resultat eller et jubil\u00e6um<\/p>\n<p>\u2022 en rytter eller personlighed med betydning for jer<\/p>\n<p>Hvert v\u00e6rk udvikles i dialog med jer. Format, motiv og udtryk tilpasses rummet og historien.<\/p>\n<p>Resultatet er et originalt kunstv\u00e6rk, der samler jeres passion i \u00e9t billede.<\/p>\n<p>Et maleri, der viser, hvad I st\u00e5r for.<\/p>\n<\/div>","_thumbnail_id":32652,"billeder":[32656,32654,32652,26976,26966],"url_video":"","video_splash":"","relation_linket_modul":[26958],"modul_standplads":["standard"],"messepris":"","linket_modul_ug_messe":[1407],"relation_udstiller":[26902],"relation_module_notes":"","oversaet_til_engelsk":false,"oversaet_titel_til_engelsk":false,"overskriv_oversaettelse":false,"standpladser":[1570],"standard_url":"kunst-til-virksomheder-hvor-cykling-fylder-noget?messe=cbs2026","posttyper":[181],"linkede_moduler":[1322],"udstillerider":[1315]},"_links":{"self":[{"href":"https:\/\/nordicbikeshows.dk\/en\/wp-json\/wp\/v2\/produkt\/32651","targetHints":{"allow":["GET"]}}],"collection":[{"href":"https:\/\/nordicbikeshows.dk\/en\/wp-json\/wp\/v2\/produkt"}],"about":[{"href":"https:\/\/nordicbikeshows.dk\/en\/wp-json\/wp\/v2\/types\/produkt"}],"author":[{"embeddable":true,"href":"https:\/\/nordicbikeshows.dk\/en\/wp-json\/wp\/v2\/users\/287"}],"acf:post":[{"embeddable":true,"href":"https:\/\/nordicbikeshows.dk\/en\/wp-json\/wp\/v2\/udstiller\/26902"},{"embeddable":true,"href":"https:\/\/nordicbikeshows.dk\/en\/wp-json\/wp\/v2\/brand\/26958"}],"acf:attachment":[{"embeddable":true,"href":"https:\/\/nordicbikeshows.dk\/en\/wp-json\/wp\/v2\/media\/26966"},{"embeddable":true,"href":"https:\/\/nordicbikeshows.dk\/en\/wp-json\/wp\/v2\/media\/26976"},{"embeddable":true,"href":"https:\/\/nordicbikeshows.dk\/en\/wp-json\/wp\/v2\/media\/32652"},{"embeddable":true,"href":"https:\/\/nordicbikeshows.dk\/en\/wp-json\/wp\/v2\/media\/32654"},{"embeddable":true,"href":"https:\/\/nordicbikeshows.dk\/en\/wp-json\/wp\/v2\/media\/32656"}],"wp:featuredmedia":[{"embeddable":true,"href":"https:\/\/nordicbikeshows.dk\/en\/wp-json\/wp\/v2\/media\/32652"}],"wp:attachment":[{"href":"https:\/\/nordicbikeshows.dk\/en\/wp-json\/wp\/v2\/media?parent=32651"}],"wp:term":[{"taxonomy":"udstillerkategori","embeddable":true,"href":"https:\/\/nordicbikeshows.dk\/en\/wp-json\/wp\/v2\/udstillerkategori?post=32651"},{"taxonomy":"maalgruppe","embeddable":true,"href":"https:\/\/nordicbikeshows.dk\/en\/wp-json\/wp\/v2\/maalgruppe?post=32651"},{"taxonomy":"udstillerider","embeddable":true,"href":"https:\/\/nordicbikeshows.dk\/en\/wp-json\/wp\/v2\/udstillerider?post=32651"},{"taxonomy":"posttyper","embeddable":true,"href":"https:\/\/nordicbikeshows.dk\/en\/wp-json\/wp\/v2\/posttyper?post=32651"},{"taxonomy":"standpladser","embeddable":true,"href":"https:\/\/nordicbikeshows.dk\/en\/wp-json\/wp\/v2\/standpladser?post=32651"},{"taxonomy":"ug_messe","embeddable":true,"href":"https:\/\/nordicbikeshows.dk\/en\/wp-json\/wp\/v2\/ug_messe?post=32651"},{"taxonomy":"linkede_moduler","embeddable":true,"href":"https:\/\/nordicbikeshows.dk\/en\/wp-json\/wp\/v2\/linkede_moduler?post=32651"}],"curies":[{"name":"wp","href":"https:\/\/api.w.org\/{rel}","templated":true}]}}

<strong>Kunst til virksomheder, hvor cykling fylder noget</strong>

Jeg skaber originale malerier og bestillingsværker til virksomheder, hvor cykling er en del af identiteten.

Det kan være firmahold, værksteder, caféer, sponsorer, cykelhoteller eller andre steder, hvor cykelsporten ikke bare er interesse, men en del af kulturen og samtalerne i hverdagen.

Mine værker tager afsæt i cykelsportens virkelighed og de mennesker, der lever i den. Ryttere, der kæmper sig frem gennem vind, bakker og lange sæsoner. Ikke som show. Men som kunst, hvor cykling er en naturlig del af landskabet og motivet.

Som tidligere semi professionel rytter kender jeg sporten indefra. Jeg ved, hvad der ligger bag lange træningsture i regn, styrt, massespurter, nederlag og sejre. Den erfaring tager jeg med ind i mit arbejde og omsætter til malerier med tyngde og nærvær.

Et værk kan markere:

• virksomhedens engagement i cykelsporten

• værdier som vilje, styrke og fællesskab

• et særligt løb, en sæson, et resultat eller et jubilæum

• en rytter eller personlighed med betydning for jer

Hvert værk udvikles i dialog med jer. Format, motiv og udtryk tilpasses rummet og historien.

Resultatet er et originalt kunstværk, der samler jeres passion i ét billede.

Et maleri, der viser, hvad I står for.

<div class="tom beskrivelse dansk"><p><strong>Kunst til virksomheder, hvor cykling fylder noget</strong></p>
<p>Jeg skaber originale malerier og bestillingsværker til virksomheder, hvor cykling er en del af identiteten.</p>
<p>Det kan være firmahold, værksteder, caféer, sponsorer, cykelhoteller eller andre steder, hvor cykelsporten ikke bare er interesse, men en del af kulturen og samtalerne i hverdagen.</p>
<p>Mine værker tager afsæt i cykelsportens virkelighed og de mennesker, der lever i den. Ryttere, der kæmper sig frem gennem vind, bakker og lange sæsoner. Ikke som show. Men som kunst, hvor cykling er en naturlig del af landskabet og motivet.</p>
<p>Som tidligere semi professionel rytter kender jeg sporten indefra. Jeg ved, hvad der ligger bag lange træningsture i regn, styrt, massespurter, nederlag og sejre. Den erfaring tager jeg med ind i mit arbejde og omsætter til malerier med tyngde og nærvær.</p>
<p>Et værk kan markere:</p>
<p>• virksomhedens engagement i cykelsporten</p>
<p>• værdier som vilje, styrke og fællesskab</p>
<p>• et særligt løb, en sæson, et resultat eller et jubilæum</p>
<p>• en rytter eller personlighed med betydning for jer</p>
<p>Hvert værk udvikles i dialog med jer. Format, motiv og udtryk tilpasses rummet og historien.</p>
<p>Resultatet er et originalt kunstværk, der samler jeres passion i ét billede.</p>
<p>Et maleri, der viser, hvad I står for.</p>
</div>
