{"id":8248,"date":"2023-03-10T12:15:39","date_gmt":"2023-03-10T11:15:39","guid":{"rendered":"https:\/\/copenhagenbikeshow.dk\/?post_type=produkt&#038;p=8248"},"modified":"2024-02-19T09:53:55","modified_gmt":"2024-02-19T08:53:55","slug":"air-ultra-light-cykelhjelm-2","status":"publish","type":"produkt","link":"https:\/\/nordicbikeshows.dk\/en\/product\/air-ultra-light-cykelhjelm-2\/","title":{"rendered":"Air Ultra Light Bike Helmet"},"author":106,"featured_media":8249,"template":"","meta":{"_acf_changed":false,"_et_pb_use_builder":"","_et_pb_old_content":"","_et_gb_content_width":""},"udstillerkategori":[27],"maalgruppe":[805,807,803],"udstillerider":[484],"posttyper":[181],"standpladser":[],"ug_messe":[466],"linkede_moduler":[404],"class_list":["post-8248","produkt","type-produkt","status-publish","has-post-thumbnail","hentry"],"acf":{"title_en":"Air Ultra Light Bike Helmet","link_til_linket_modul":null,"udstillerkategori":[27],"maalgruppe":[805,807,803],"teaser":"Ultra let AIR cykelhjelm i klassisk design","teaser_en":"Ultra light AIR Bike Helmet in a classic race design","beskrivelse":"<strong>Ventoux AIR cykelhjelm<\/strong>\r\n\r\nSuper let og aerodynamisk hjelm med effektiv ventilation og nem justering til perfekt pasform. Klassisk race-design.\r\n\r\nHjelmen er monteret med det tredimensionelle Dial-Fit\u00ae besp\u00e6ndingssystem, som g\u00f8r det nemt at tilpasse pasformen, s\u00e5 hjelmen sidder perfekt omkring hovedet. 24 velplacerede ventilations\u00e5bninger holder hovedbunden komfortabel og tempereret. Den lave v\u00e6gt (190 gram str. S\/M) er afg\u00f8rende for god nakkekomfort, og g\u00f8r, at denne hjelm tynger minimalt. Uden at der af den grund er g\u00e5et p\u00e5 kompromis med sikkerheden, der er i top med bl.a. den nyeste In Mould teknologi.\r\n\r\nFeatures:\r\n<ul>\r\n \t<li>Klassisk race-design<\/li>\r\n \t<li>Godkendt efter CE EN1078<\/li>\r\n \t<li>Dobbelt In Mould konstruktion (PC - EPS)<\/li>\r\n \t<li>24\u00a0ventilationshuller<\/li>\r\n \t<li>Ergonomisk Dial-Fit\u00ae nakkejustering<\/li>\r\n \t<li>3-trins vertikal justering<\/li>\r\n \t<li>Stropper med Quick Release ITW sp\u00e6nde<\/li>\r\n \t<li>Udtagelig og vaskbar inderpolstring m. Integreret insektnet<\/li>\r\n \t<li>Farve: Mat hvid metal<\/li>\r\n \t<li>V\u00e6gt: 190\u00a0gram (str. S\/M 53-56 cm) og 220\u00a0gram (str. M\/L 57-62 cm)<\/li>\r\n<\/ul>\r\nVejledende pris: 599 kr.","beskrivelse_en":"Ventoux AIR bicycle helmet\r\n\r\nSuper light and aerodynamic helmet with effective ventilation and easy adjustment for a perfect fit. Classic race design.\r\n\r\nThe helmet is fitted with the three-dimensional Dial-Fit\u00ae tightening system, which makes it easy to adjust the fit so that the helmet sits perfectly around the head. 24 well-placed ventilation openings keep the scalp comfortable and temperate. The low weight (190 grams, size S\/M) is essential for good neck comfort, and means that this helmet weighs minimally. Without compromising on security, which is at the top with e.g. the latest In Mold technology.\r\n\r\nFeatures:\r\n<ul>\r\n \t<li>Classic race design<\/li>\r\n \t<li>Approved according to CE EN1078<\/li>\r\n \t<li>Double In Mold construction (PC - EPS)<\/li>\r\n \t<li>24 ventilation holes<\/li>\r\n \t<li>Ergonomic Dial-Fit\u00ae neck adjustment<\/li>\r\n \t<li>3-stage vertical adjustment<\/li>\r\n \t<li>Straps with Quick Release ITW buckle<\/li>\r\n \t<li>Removable and washable inner padding with integrated insect net<\/li>\r\n \t<li>Colour: Matt black metal<\/li>\r\n \t<li>Weight: 190 grams (size S\/M 53-56 cm) and 220 grams (size M\/L 57-62 cm)<\/li>\r\n<\/ul>\r\nRecommended price: DKK 599.","_thumbnail_id":8249,"billeder":[8251,8115,8253],"url_video":"","video_splash":"","relation_linket_modul":[8109],"modul_standplads":["standard"],"messepris":350,"linket_modul_ug_messe":[466],"relation_udstiller":[8049],"relation_module_notes":null,"oversaet_til_engelsk":false,"oversaet_titel_til_engelsk":false,"overskriv_oversaettelse":false,"standpladser":false,"standard_url":"air-ultra-light-cykelhjelm?messe=velodays_vejle_b2b","posttyper":[181],"linkede_moduler":[404],"udstillerider":[484]},"_links":{"self":[{"href":"https:\/\/nordicbikeshows.dk\/en\/wp-json\/wp\/v2\/produkt\/8248","targetHints":{"allow":["GET"]}}],"collection":[{"href":"https:\/\/nordicbikeshows.dk\/en\/wp-json\/wp\/v2\/produkt"}],"about":[{"href":"https:\/\/nordicbikeshows.dk\/en\/wp-json\/wp\/v2\/types\/produkt"}],"author":[{"embeddable":true,"href":"https:\/\/nordicbikeshows.dk\/en\/wp-json\/wp\/v2\/users\/106"}],"acf:post":[{"embeddable":true,"href":"https:\/\/nordicbikeshows.dk\/en\/wp-json\/wp\/v2\/udstiller\/8049"},{"embeddable":true,"href":"https:\/\/nordicbikeshows.dk\/en\/wp-json\/wp\/v2\/brand\/8109"}],"acf:attachment":[{"embeddable":true,"href":"https:\/\/nordicbikeshows.dk\/en\/wp-json\/wp\/v2\/media\/8253"},{"embeddable":true,"href":"https:\/\/nordicbikeshows.dk\/en\/wp-json\/wp\/v2\/media\/8115"},{"embeddable":true,"href":"https:\/\/nordicbikeshows.dk\/en\/wp-json\/wp\/v2\/media\/8251"}],"wp:featuredmedia":[{"embeddable":true,"href":"https:\/\/nordicbikeshows.dk\/en\/wp-json\/wp\/v2\/media\/8249"}],"wp:attachment":[{"href":"https:\/\/nordicbikeshows.dk\/en\/wp-json\/wp\/v2\/media?parent=8248"}],"wp:term":[{"taxonomy":"udstillerkategori","embeddable":true,"href":"https:\/\/nordicbikeshows.dk\/en\/wp-json\/wp\/v2\/udstillerkategori?post=8248"},{"taxonomy":"maalgruppe","embeddable":true,"href":"https:\/\/nordicbikeshows.dk\/en\/wp-json\/wp\/v2\/maalgruppe?post=8248"},{"taxonomy":"udstillerider","embeddable":true,"href":"https:\/\/nordicbikeshows.dk\/en\/wp-json\/wp\/v2\/udstillerider?post=8248"},{"taxonomy":"posttyper","embeddable":true,"href":"https:\/\/nordicbikeshows.dk\/en\/wp-json\/wp\/v2\/posttyper?post=8248"},{"taxonomy":"standpladser","embeddable":true,"href":"https:\/\/nordicbikeshows.dk\/en\/wp-json\/wp\/v2\/standpladser?post=8248"},{"taxonomy":"ug_messe","embeddable":true,"href":"https:\/\/nordicbikeshows.dk\/en\/wp-json\/wp\/v2\/ug_messe?post=8248"},{"taxonomy":"linkede_moduler","embeddable":true,"href":"https:\/\/nordicbikeshows.dk\/en\/wp-json\/wp\/v2\/linkede_moduler?post=8248"}],"curies":[{"name":"wp","href":"https:\/\/api.w.org\/{rel}","templated":true}]}}

<strong>Ventoux AIR cykelhjelm</strong>

Super let og aerodynamisk hjelm med effektiv ventilation og nem justering til perfekt pasform. Klassisk race-design.

Hjelmen er monteret med det tredimensionelle Dial-Fit® bespændingssystem, som gør det nemt at tilpasse pasformen, så hjelmen sidder perfekt omkring hovedet. 24 velplacerede ventilationsåbninger holder hovedbunden komfortabel og tempereret. Den lave vægt (190 gram str. S/M) er afgørende for god nakkekomfort, og gør, at denne hjelm tynger minimalt. Uden at der af den grund er gået på kompromis med sikkerheden, der er i top med bl.a. den nyeste In Mould teknologi.

Features:
<ul>
 	<li>Klassisk race-design</li>
 	<li>Godkendt efter CE EN1078</li>
 	<li>Dobbelt In Mould konstruktion (PC - EPS)</li>
 	<li>24 ventilationshuller</li>
 	<li>Ergonomisk Dial-Fit® nakkejustering</li>
 	<li>3-trins vertikal justering</li>
 	<li>Stropper med Quick Release ITW spænde</li>
 	<li>Udtagelig og vaskbar inderpolstring m. Integreret insektnet</li>
 	<li>Farve: Mat hvid metal</li>
 	<li>Vægt: 190 gram (str. S/M 53-56 cm) og 220 gram (str. M/L 57-62 cm)</li>
</ul>
Vejledende pris: 599 kr.
