{"id":27281,"date":"2025-02-28T09:24:47","date_gmt":"2025-02-28T08:24:47","guid":{"rendered":"https:\/\/nordicbikeshows.dk\/?post_type=udstiller&#038;p=27281"},"modified":"2025-02-28T10:06:16","modified_gmt":"2025-02-28T09:06:16","slug":"cykelnerven","status":"publish","type":"udstiller","link":"https:\/\/nordicbikeshows.dk\/en\/exhibitor\/cykelnerven\/","title":{"rendered":"Cykelnerven"},"author":291,"featured_media":27282,"template":"","meta":{"_acf_changed":false,"_et_pb_use_builder":"","_et_pb_old_content":"","_et_gb_content_width":""},"udstillerkategori":[17],"udstillertype":[25],"maalgruppe":[805,807],"udstillerider":[1329],"posttyper":[178],"standpladser":[],"ug_messe":[1139],"class_list":["post-27281","udstiller","type-udstiller","status-publish","has-post-thumbnail","hentry"],"acf":{"title_en":"Cykelnerven","link_til_udstillerside":null,"udstillerkategori":[17],"udstillertype":[25],"maalgruppe":[807,805],"beskrivelse":"<p data-start=\"0\" data-end=\"261\">Cykelnerven er et velg\u00f8renhedscykell\u00f8b arrangeret af <strong data-start=\"53\" data-end=\"75\">Scleroseforeningen<\/strong>. Det er Danmarks h\u00e5rdeste velg\u00f8renhedsl\u00f8b, hvor deltagerne cykler i franske bjerge p\u00e5 de samme legendariske stigninger, som bruges i Tour de France.\r\nHer p\u00e5 vores lille stand kan man tage et gratis magasin og deltage i konkurrencen om Cykelnerven cykelt\u00f8j fra Campione, merchandise fra Canyon og energi fra PurePower.\r\nDeltag i konkurrencen ved at benytte QR-koden p\u00e5 standen.<\/p>\r\n<p data-start=\"0\" data-end=\"261\"><strong data-start=\"263\" data-end=\"276\">Form\u00e5let med Cykelnerven:\r\n<\/strong>Cykelnerven er et f\u00e6llesskab, hvor vi kombinerer at cykle og samle penge ind til forskning i <strong data-start=\"318\" data-end=\"344\">sclerose<\/strong>, og alle deltagere forpligter sig til at rejse midler gennem donationer, sponsorater, events eller andet.<\/p>\r\n<p data-start=\"436\" data-end=\"594\"><strong data-start=\"436\" data-end=\"454\">Hvem deltager?<\/strong><br data-start=\"454\" data-end=\"457\" \/>Cykelnerven tiltr\u00e6kker b\u00e5de erfarne og ambiti\u00f8se cykelryttere, der vil udfordre sig selv fysisk, samtidig med at de st\u00f8tter en god sag og \u00f8nsker at v\u00e6re i et st\u00e6rkt cykelf\u00e6llesskab. Rytterne bliver udtaget via ans\u00f8gningsproces.<\/p>\r\n<p data-start=\"596\" data-end=\"734\"><strong data-start=\"596\" data-end=\"620\">Hvorn\u00e5r foreg\u00e5r det?<\/strong><br data-start=\"620\" data-end=\"623\" \/>Det afholdes hvert \u00e5r i juni, hvor rytterne drager til Frankrig og tager kampen op mod de barske bjergtinder. Derudover afholdes Cykelnerven Mont Ventoux i september, hvor man kan pr\u00f8ver kr\u00e6fter med \"Det skaldede bjerg\" fra alle tre sider.<\/p>\r\n<p data-start=\"736\" data-end=\"893\"><strong data-start=\"736\" data-end=\"765\">Hvordan kan man v\u00e6re med?<\/strong><br data-start=\"765\" data-end=\"768\" \/>Cykelnerven 2025 er udsolgt. Men der er mulighed for at tilmelde sig Cykelnerven Mont Ventoux, som afholdes 5.-8. september 2025:\r\nMan kan tilmelde sig som rytter p\u00e5 Cykelnerven 2026 (hvis man er klar p\u00e5 den fysiske udfordring), n\u00e5r ans\u00f8gningen \u00e5bner i maj.<\/p>","beskrivelse_en":"<div class=\"tom beskrivelse dansk\"><p data-start=\"0\" data-end=\"261\">Cykelnerven er et velg\u00f8renhedscykell\u00f8b arrangeret af <strong data-start=\"53\" data-end=\"75\">Scleroseforeningen<\/strong>. Det er Danmarks h\u00e5rdeste velg\u00f8renhedsl\u00f8b, hvor deltagerne cykler i franske bjerge p\u00e5 de samme legendariske stigninger, som bruges i Tour de France.<br \/>\nHer p\u00e5 vores lille stand kan man tage et gratis magasin og deltage i konkurrencen om Cykelnerven cykelt\u00f8j fra Campione, merchandise fra Canyon og energi fra PurePower.<br \/>\nDeltag i konkurrencen ved at benytte QR-koden p\u00e5 standen.<\/p>\n<p data-start=\"0\" data-end=\"261\"><strong data-start=\"263\" data-end=\"276\">Form\u00e5let med Cykelnerven:<br \/>\n<\/strong>Cykelnerven er et f\u00e6llesskab, hvor vi kombinerer at cykle og samle penge ind til forskning i <strong data-start=\"318\" data-end=\"344\">sclerose<\/strong>, og alle deltagere forpligter sig til at rejse midler gennem donationer, sponsorater, events eller andet.<\/p>\n<p data-start=\"436\" data-end=\"594\"><strong data-start=\"436\" data-end=\"454\">Hvem deltager?<\/strong><br data-start=\"454\" data-end=\"457\" \/>Cykelnerven tiltr\u00e6kker b\u00e5de erfarne og ambiti\u00f8se cykelryttere, der vil udfordre sig selv fysisk, samtidig med at de st\u00f8tter en god sag og \u00f8nsker at v\u00e6re i et st\u00e6rkt cykelf\u00e6llesskab. Rytterne bliver udtaget via ans\u00f8gningsproces.<\/p>\n<p data-start=\"596\" data-end=\"734\"><strong data-start=\"596\" data-end=\"620\">Hvorn\u00e5r foreg\u00e5r det?<\/strong><br data-start=\"620\" data-end=\"623\" \/>Det afholdes hvert \u00e5r i juni, hvor rytterne drager til Frankrig og tager kampen op mod de barske bjergtinder. Derudover afholdes Cykelnerven Mont Ventoux i september, hvor man kan pr\u00f8ver kr\u00e6fter med &#8220;Det skaldede bjerg&#8221; fra alle tre sider.<\/p>\n<p data-start=\"736\" data-end=\"893\"><strong data-start=\"736\" data-end=\"765\">Hvordan kan man v\u00e6re med?<\/strong><br data-start=\"765\" data-end=\"768\" \/>Cykelnerven 2025 er udsolgt. Men der er mulighed for at tilmelde sig Cykelnerven Mont Ventoux, som afholdes 5.-8. september 2025:<br \/>\nMan kan tilmelde sig som rytter p\u00e5 Cykelnerven 2026 (hvis man er klar p\u00e5 den fysiske udfordring), n\u00e5r ans\u00f8gningen \u00e5bner i maj.<\/p>\n<\/div>","_thumbnail_id":27282,"billeder":"","url_video":"https:\/\/fb.watch\/y1a5sDnZtY\/","video_splash":"","kontaktperson":{"kontaktperson":"Andreas Juul Ingvartsen","kontaktperson_telefon":"22869536","email":"ain@scleroseforeningen.dk"},"firmanavn":"Scleroseforeningen","cvr":"","telefon":"","email":"","hjemmeside":"https:\/\/www.cykelnerven.dk\/","hjemmeside_speciel":"","facebook":"https:\/\/www.facebook.com\/cykelnerven","linkedin":"https:\/\/www.linkedin.com\/showcase\/17989929\/admin\/dashboard\/","instagram":"https:\/\/www.instagram.com\/cykelnerven\/","youtube":"","adresse":{"adresse":"","adresse_2":"","postnr":"","by":"","land":"dk"},"koordinater":"","book_moede":false,"book_moede_setup":{"antal_tidspunkter_pr_time":"4","antal_gange_hvert_tidspunkt_kan_bookes":1,"email_moedebooking":""},"udstiller_standplads":null,"standplads":null,"ug_messe":[1139],"standard_url":"cykelnerven?messe=cbs2025","relation_produkt":null,"relation_aktivitet":[27284],"relation_kontaktperson":null,"relation_brand":[28025],"relation_moede":null,"relation_module_notes":"","posttyper":[178],"saet_forfatter":false,"saet_udstillinger_paa_moduler":false,"udgiv_moduler":false,"kladde_moduler":false,"oversaet_til_engelsk":false,"oversaet_titel_til_engelsk":false,"overskriv_oversaettelse":false},"_links":{"self":[{"href":"https:\/\/nordicbikeshows.dk\/en\/wp-json\/wp\/v2\/udstiller\/27281","targetHints":{"allow":["GET"]}}],"collection":[{"href":"https:\/\/nordicbikeshows.dk\/en\/wp-json\/wp\/v2\/udstiller"}],"about":[{"href":"https:\/\/nordicbikeshows.dk\/en\/wp-json\/wp\/v2\/types\/udstiller"}],"author":[{"embeddable":true,"href":"https:\/\/nordicbikeshows.dk\/en\/wp-json\/wp\/v2\/users\/291"}],"acf:post":[{"embeddable":true,"href":"https:\/\/nordicbikeshows.dk\/en\/wp-json\/wp\/v2\/brand\/28025"},{"embeddable":true,"href":"https:\/\/nordicbikeshows.dk\/en\/wp-json\/wp\/v2\/aktivitet\/27284"}],"wp:featuredmedia":[{"embeddable":true,"href":"https:\/\/nordicbikeshows.dk\/en\/wp-json\/wp\/v2\/media\/27282"}],"wp:attachment":[{"href":"https:\/\/nordicbikeshows.dk\/en\/wp-json\/wp\/v2\/media?parent=27281"}],"wp:term":[{"taxonomy":"udstillerkategori","embeddable":true,"href":"https:\/\/nordicbikeshows.dk\/en\/wp-json\/wp\/v2\/udstillerkategori?post=27281"},{"taxonomy":"udstillertype","embeddable":true,"href":"https:\/\/nordicbikeshows.dk\/en\/wp-json\/wp\/v2\/udstillertype?post=27281"},{"taxonomy":"maalgruppe","embeddable":true,"href":"https:\/\/nordicbikeshows.dk\/en\/wp-json\/wp\/v2\/maalgruppe?post=27281"},{"taxonomy":"udstillerider","embeddable":true,"href":"https:\/\/nordicbikeshows.dk\/en\/wp-json\/wp\/v2\/udstillerider?post=27281"},{"taxonomy":"posttyper","embeddable":true,"href":"https:\/\/nordicbikeshows.dk\/en\/wp-json\/wp\/v2\/posttyper?post=27281"},{"taxonomy":"standpladser","embeddable":true,"href":"https:\/\/nordicbikeshows.dk\/en\/wp-json\/wp\/v2\/standpladser?post=27281"},{"taxonomy":"ug_messe","embeddable":true,"href":"https:\/\/nordicbikeshows.dk\/en\/wp-json\/wp\/v2\/ug_messe?post=27281"}],"curies":[{"name":"wp","href":"https:\/\/api.w.org\/{rel}","templated":true}]}}

<p data-start="0" data-end="261">Cykelnerven er et velgørenhedscykelløb arrangeret af <strong data-start="53" data-end="75">Scleroseforeningen</strong>. Det er Danmarks hårdeste velgørenhedsløb, hvor deltagerne cykler i franske bjerge på de samme legendariske stigninger, som bruges i Tour de France.
Her på vores lille stand kan man tage et gratis magasin og deltage i konkurrencen om Cykelnerven cykeltøj fra Campione, merchandise fra Canyon og energi fra PurePower.
Deltag i konkurrencen ved at benytte QR-koden på standen.</p>
<p data-start="0" data-end="261"><strong data-start="263" data-end="276">Formålet med Cykelnerven:
</strong>Cykelnerven er et fællesskab, hvor vi kombinerer at cykle og samle penge ind til forskning i <strong data-start="318" data-end="344">sclerose</strong>, og alle deltagere forpligter sig til at rejse midler gennem donationer, sponsorater, events eller andet.</p>
<p data-start="436" data-end="594"><strong data-start="436" data-end="454">Hvem deltager?</strong><br data-start="454" data-end="457" />Cykelnerven tiltrækker både erfarne og ambitiøse cykelryttere, der vil udfordre sig selv fysisk, samtidig med at de støtter en god sag og ønsker at være i et stærkt cykelfællesskab. Rytterne bliver udtaget via ansøgningsproces.</p>
<p data-start="596" data-end="734"><strong data-start="596" data-end="620">Hvornår foregår det?</strong><br data-start="620" data-end="623" />Det afholdes hvert år i juni, hvor rytterne drager til Frankrig og tager kampen op mod de barske bjergtinder. Derudover afholdes Cykelnerven Mont Ventoux i september, hvor man kan prøver kræfter med "Det skaldede bjerg" fra alle tre sider.</p>
<p data-start="736" data-end="893"><strong data-start="736" data-end="765">Hvordan kan man være med?</strong><br data-start="765" data-end="768" />Cykelnerven 2025 er udsolgt. Men der er mulighed for at tilmelde sig Cykelnerven Mont Ventoux, som afholdes 5.-8. september 2025:
Man kan tilmelde sig som rytter på Cykelnerven 2026 (hvis man er klar på den fysiske udfordring), når ansøgningen åbner i maj.</p>

<div class="tom beskrivelse dansk"><p data-start="0" data-end="261">Cykelnerven er et velgørenhedscykelløb arrangeret af <strong data-start="53" data-end="75">Scleroseforeningen</strong>. Det er Danmarks hårdeste velgørenhedsløb, hvor deltagerne cykler i franske bjerge på de samme legendariske stigninger, som bruges i Tour de France.<br />
Her på vores lille stand kan man tage et gratis magasin og deltage i konkurrencen om Cykelnerven cykeltøj fra Campione, merchandise fra Canyon og energi fra PurePower.<br />
Deltag i konkurrencen ved at benytte QR-koden på standen.</p>
<p data-start="0" data-end="261"><strong data-start="263" data-end="276">Formålet med Cykelnerven:<br />
</strong>Cykelnerven er et fællesskab, hvor vi kombinerer at cykle og samle penge ind til forskning i <strong data-start="318" data-end="344">sclerose</strong>, og alle deltagere forpligter sig til at rejse midler gennem donationer, sponsorater, events eller andet.</p>
<p data-start="436" data-end="594"><strong data-start="436" data-end="454">Hvem deltager?</strong><br data-start="454" data-end="457" />Cykelnerven tiltrækker både erfarne og ambitiøse cykelryttere, der vil udfordre sig selv fysisk, samtidig med at de støtter en god sag og ønsker at være i et stærkt cykelfællesskab. Rytterne bliver udtaget via ansøgningsproces.</p>
<p data-start="596" data-end="734"><strong data-start="596" data-end="620">Hvornår foregår det?</strong><br data-start="620" data-end="623" />Det afholdes hvert år i juni, hvor rytterne drager til Frankrig og tager kampen op mod de barske bjergtinder. Derudover afholdes Cykelnerven Mont Ventoux i september, hvor man kan prøver kræfter med &#8220;Det skaldede bjerg&#8221; fra alle tre sider.</p>
<p data-start="736" data-end="893"><strong data-start="736" data-end="765">Hvordan kan man være med?</strong><br data-start="765" data-end="768" />Cykelnerven 2025 er udsolgt. Men der er mulighed for at tilmelde sig Cykelnerven Mont Ventoux, som afholdes 5.-8. september 2025:<br />
Man kan tilmelde sig som rytter på Cykelnerven 2026 (hvis man er klar på den fysiske udfordring), når ansøgningen åbner i maj.</p>
</div>
