{"id":31431,"date":"2026-02-20T14:18:11","date_gmt":"2026-02-20T13:18:11","guid":{"rendered":"https:\/\/nordicbikeshows.dk\/?post_type=udstiller&#038;p=31431"},"modified":"2026-02-23T12:28:55","modified_gmt":"2026-02-23T11:28:55","slug":"vanraam","status":"publish","type":"udstiller","link":"https:\/\/nordicbikeshows.dk\/en\/exhibitor\/vanraam\/","title":{"rendered":"vanRaam"},"author":345,"featured_media":31665,"template":"","meta":{"_acf_changed":false,"_et_pb_use_builder":"","_et_pb_old_content":"","_et_gb_content_width":""},"udstillerkategori":[17,14],"udstillertype":[24],"maalgruppe":[806],"udstillerider":[1653],"posttyper":[178],"standpladser":[1538],"ug_messe":[1407],"class_list":["post-31431","udstiller","type-udstiller","status-publish","has-post-thumbnail","hentry"],"acf":{"title_en":"vanRaam","link_til_udstillerside":null,"udstillerkategori":[14,17],"udstillertype":[24],"maalgruppe":[806],"beskrivelse":"<p data-start=\"0\" data-end=\"303\">I over 100 \u00e5r har vanRaam designet cykler, der hj\u00e6lper mennesker med at forblive aktive, selvst\u00e6ndige og socialt forbundne l\u00e6ngere tid. Ved at kombinere mere end et \u00e5rhundredes hollandsk h\u00e5ndv\u00e6rk med innovativ teknologi skaber vi cykler af h\u00f8j kvalitet, som er fuldt tilpasset den enkelte brugers behov.<\/p>\r\n<p data-start=\"305\" data-end=\"439\">Vi tror p\u00e5 en verden uden barrierer. Hver cykel bringer os et skridt t\u00e6ttere p\u00e5 en verden, hvor alle kan opleve friheden ved at cykle.<\/p>\r\n<p data-start=\"441\" data-end=\"457\" data-is-last-node=\"\" data-is-only-node=\"\">Let's all cycle.<\/p>","beskrivelse_en":"<p data-start=\"0\" data-end=\"291\">For over 100 years, vanRaam has designed bicycles that help people stay active, independent, and socially connected for longer. By combining more than a century of Dutch craftsmanship with innovative technology, we create high quality bicycles fully tailored to each individual user\u2019s needs.<\/p>\r\n<p data-start=\"293\" data-end=\"437\">We believe in a world without barriers. Every bicycle brings us one step closer to a world where everyone can experience the freedom of cycling.<\/p>\r\n<p data-start=\"439\" data-end=\"455\" data-is-last-node=\"\" data-is-only-node=\"\">Let's all cycle.<\/p>","_thumbnail_id":31665,"billeder":[31667,31669,31673,31679,31689],"url_video":"https:\/\/youtu.be\/lsI8FM_PuNs?si=A-UpUB0wodFdS9f1","video_splash":"","kontaktperson":{"kontaktperson":"","kontaktperson_telefon":"","email":""},"firmanavn":"vanRaam","cvr":"NL8047.69.072.B01","telefon":"+31 (0)315 25 73 70","email":"info@vanraam.com","hjemmeside":"https:\/\/www.vanraam.com","hjemmeside_speciel":"","facebook":"https:\/\/www.facebook.com\/vanraam.fietsen","linkedin":"https:\/\/www.linkedin.com\/company\/van-raam\/","instagram":"https:\/\/www.instagram.com\/van_raam\/","youtube":"https:\/\/www.youtube.com\/@Van_Raam","adresse":{"adresse":"Guldenweg 23","adresse_2":"","postnr":"7051 HT","by":"Varsseveld","land":"nl"},"koordinater":"","book_moede":false,"book_moede_setup":{"antal_tidspunkter_pr_time":"4","antal_gange_hvert_tidspunkt_kan_bookes":1,"email_moedebooking":""},"udstiller_standplads":null,"standplads":[{"standplads_godkendt":true,"messe":"1407","standkort_id":29883,"standplads":"290","standplads_id":1538}],"ug_messe":[1407],"standard_url":"vanraam?messe=cbs2026","relation_produkt":[31691,31694,31697,31701,31704],"relation_aktivitet":null,"relation_kontaktperson":null,"relation_brand":[31685],"relation_moede":null,"relation_module_notes":"","posttyper":[178],"saet_forfatter":false,"saet_udstillinger_paa_moduler":false,"udgiv_moduler":false,"kladde_moduler":false,"oversaet_til_engelsk":false,"oversaet_titel_til_engelsk":false,"overskriv_oversaettelse":false},"_links":{"self":[{"href":"https:\/\/nordicbikeshows.dk\/en\/wp-json\/wp\/v2\/udstiller\/31431","targetHints":{"allow":["GET"]}}],"collection":[{"href":"https:\/\/nordicbikeshows.dk\/en\/wp-json\/wp\/v2\/udstiller"}],"about":[{"href":"https:\/\/nordicbikeshows.dk\/en\/wp-json\/wp\/v2\/types\/udstiller"}],"author":[{"embeddable":true,"href":"https:\/\/nordicbikeshows.dk\/en\/wp-json\/wp\/v2\/users\/345"}],"acf:post":[{"embeddable":true,"href":"https:\/\/nordicbikeshows.dk\/en\/wp-json\/wp\/v2\/brand\/31685"},{"embeddable":true,"href":"https:\/\/nordicbikeshows.dk\/en\/wp-json\/wp\/v2\/produkt\/31704"},{"embeddable":true,"href":"https:\/\/nordicbikeshows.dk\/en\/wp-json\/wp\/v2\/produkt\/31701"},{"embeddable":true,"href":"https:\/\/nordicbikeshows.dk\/en\/wp-json\/wp\/v2\/produkt\/31697"},{"embeddable":true,"href":"https:\/\/nordicbikeshows.dk\/en\/wp-json\/wp\/v2\/produkt\/31694"},{"embeddable":true,"href":"https:\/\/nordicbikeshows.dk\/en\/wp-json\/wp\/v2\/produkt\/31691"}],"acf:attachment":[{"embeddable":true,"href":"https:\/\/nordicbikeshows.dk\/en\/wp-json\/wp\/v2\/media\/31689"},{"embeddable":true,"href":"https:\/\/nordicbikeshows.dk\/en\/wp-json\/wp\/v2\/media\/31679"},{"embeddable":true,"href":"https:\/\/nordicbikeshows.dk\/en\/wp-json\/wp\/v2\/media\/31673"},{"embeddable":true,"href":"https:\/\/nordicbikeshows.dk\/en\/wp-json\/wp\/v2\/media\/31669"},{"embeddable":true,"href":"https:\/\/nordicbikeshows.dk\/en\/wp-json\/wp\/v2\/media\/31667"}],"wp:featuredmedia":[{"embeddable":true,"href":"https:\/\/nordicbikeshows.dk\/en\/wp-json\/wp\/v2\/media\/31665"}],"wp:attachment":[{"href":"https:\/\/nordicbikeshows.dk\/en\/wp-json\/wp\/v2\/media?parent=31431"}],"wp:term":[{"taxonomy":"udstillerkategori","embeddable":true,"href":"https:\/\/nordicbikeshows.dk\/en\/wp-json\/wp\/v2\/udstillerkategori?post=31431"},{"taxonomy":"udstillertype","embeddable":true,"href":"https:\/\/nordicbikeshows.dk\/en\/wp-json\/wp\/v2\/udstillertype?post=31431"},{"taxonomy":"maalgruppe","embeddable":true,"href":"https:\/\/nordicbikeshows.dk\/en\/wp-json\/wp\/v2\/maalgruppe?post=31431"},{"taxonomy":"udstillerider","embeddable":true,"href":"https:\/\/nordicbikeshows.dk\/en\/wp-json\/wp\/v2\/udstillerider?post=31431"},{"taxonomy":"posttyper","embeddable":true,"href":"https:\/\/nordicbikeshows.dk\/en\/wp-json\/wp\/v2\/posttyper?post=31431"},{"taxonomy":"standpladser","embeddable":true,"href":"https:\/\/nordicbikeshows.dk\/en\/wp-json\/wp\/v2\/standpladser?post=31431"},{"taxonomy":"ug_messe","embeddable":true,"href":"https:\/\/nordicbikeshows.dk\/en\/wp-json\/wp\/v2\/ug_messe?post=31431"}],"curies":[{"name":"wp","href":"https:\/\/api.w.org\/{rel}","templated":true}]}}

<p data-start="0" data-end="303">I over 100 år har vanRaam designet cykler, der hjælper mennesker med at forblive aktive, selvstændige og socialt forbundne længere tid. Ved at kombinere mere end et århundredes hollandsk håndværk med innovativ teknologi skaber vi cykler af høj kvalitet, som er fuldt tilpasset den enkelte brugers behov.</p>
<p data-start="305" data-end="439">Vi tror på en verden uden barrierer. Hver cykel bringer os et skridt tættere på en verden, hvor alle kan opleve friheden ved at cykle.</p>
<p data-start="441" data-end="457" data-is-last-node="" data-is-only-node="">Let's all cycle.</p>
