{"id":4552,"date":"2023-01-18T16:48:21","date_gmt":"2023-01-18T15:48:21","guid":{"rendered":"https:\/\/copenhagenbikeshow.dk\/?post_type=udstiller&#038;p=4552"},"modified":"2026-02-03T12:54:58","modified_gmt":"2026-02-03T11:54:58","slug":"velo-de-ville","status":"publish","type":"udstiller","link":"https:\/\/nordicbikeshows.dk\/en\/exhibitor\/velo-de-ville\/","title":{"rendered":"VELO DE VILLE"},"author":301,"featured_media":29260,"template":"","meta":{"_acf_changed":false,"_et_pb_use_builder":"","_et_pb_old_content":"","_et_gb_content_width":""},"udstillerkategori":[33,30,14],"udstillertype":[24,25],"maalgruppe":[806,805,807,803,804],"udstillerider":[533],"posttyper":[178],"standpladser":[1507],"ug_messe":[466,1139,1407],"class_list":["post-4552","udstiller","type-udstiller","status-publish","has-post-thumbnail","hentry"],"acf":{"title_en":"VELO DE VILLE","link_til_udstillerside":null,"udstillerkategori":[33,30,14],"udstillertype":[24,25],"maalgruppe":[805,806,807,804,803],"beskrivelse":"VELO DE VILLE \u2013 Din cykel. Custom Made.\r\n\r\nUanset om det drejer sig om design, ergonomi, teknologi \u2013 eller alt sammen: Hos VELO DE VILLE er det kunderne, der bestemmer, hvad der er vigtigst. Takket v\u00e6re vores skr\u00e6ddersyede principper tilpasses hver cykel og elcykler n\u00f8jagtigt til den fremtidige cyklists \u00f8nsker, fra farve til udstyr.\r\nMed vores onlinekonfigurator kan du nemt designe din egen personlige dr\u00f8mmecykel for maksimal individualitet, k\u00f8rekomfort og stil. Vi satser p\u00e5 komponenter af h\u00f8j kvalitet, moderne design og omhyggeligt h\u00e5ndv\u00e6rk i vores fabrik i Tyskland.\r\n\r\nSiden 1966 har VELO DE VILLE st\u00e5et for kvalitet, b\u00e6redygtighed og \u00e6gte kundefokus. Som premium-m\u00e6rke under AT Zweirad GmbH udvikler vi cykler, der ikke kun bev\u00e6ger, men ogs\u00e5 begejstrer.","beskrivelse_en":"VELO DE VILLE \u2013 Your Bike. Custom Made.\r\n\r\nWhether it's design, ergonomics, technology \u2013 or all of the above: at VELO DE VILLE, our customers decide what's most important to them. Thanks to our custom-made principle, every bicycle and pedelec is tailored precisely to the wishes of its future rider, from the color to the equipment.\r\nWith our online configurator, you can easily design your own personal dream bike for maximum individuality, riding comfort, and style. We rely on high-quality components, modern design, and careful craftsmanship in our factory in Germany.\r\n\r\nSince 1966, VELO DE VILLE has stood for quality, sustainability, and genuine customer focus. As the premium brand of AT Zweirad GmbH, we develop bikes that not only move you, but inspire you.","_thumbnail_id":29260,"billeder":[16155,16932,29266,29268],"url_video":"https:\/\/www.youtube.com\/watch?v=HudhcRYvd8M","video_splash":16156,"kontaktperson":{"kontaktperson":"Jesper Juul Larsen","kontaktperson_telefon":"+45 26 21 24 21","email":"Jesper.Larsen@Velo-de-Ville.com"},"firmanavn":"AT Zweirad GmbH","cvr":"DE 124394615","telefon":"+49 2505 9305 0","email":"info@velo-de-ville.com","hjemmeside":"https:\/\/www.velo-de-ville.com\/dk","hjemmeside_speciel":"","facebook":"https:\/\/de-de.facebook.com\/velodeville\/","linkedin":"https:\/\/de.linkedin.com\/company\/velo-de-ville","instagram":"https:\/\/www.instagram.com\/velodeville\/","youtube":"https:\/\/www.youtube.com\/channel\/UCtkfeh1COlWjZ3fA5OstcFw","adresse":{"adresse":"Zur Steinkuhle 2","adresse_2":"","postnr":"48341","by":"Altenberge","land":"de"},"koordinater":"","book_moede":false,"book_moede_setup":{"antal_tidspunkter_pr_time":"4","antal_gange_hvert_tidspunkt_kan_bookes":1,"email_moedebooking":""},"udstiller_standplads":null,"standplads":[{"standplads_godkendt":false,"messe":"1407","standkort_id":29883,"standplads":"134","standplads_id":1507}],"ug_messe":[466,1139,1407],"standard_url":"velo-de-ville?messe=cbs2026","relation_produkt":[4767,4937,4938,4950,16182,16185,22700,22705,29271],"relation_aktivitet":"","relation_kontaktperson":[4775],"relation_brand":[4756],"relation_moede":"","relation_module_notes":"","posttyper":[178],"saet_forfatter":false,"saet_udstillinger_paa_moduler":false,"udgiv_moduler":false,"kladde_moduler":false,"oversaet_til_engelsk":false,"oversaet_titel_til_engelsk":false,"overskriv_oversaettelse":false},"_links":{"self":[{"href":"https:\/\/nordicbikeshows.dk\/en\/wp-json\/wp\/v2\/udstiller\/4552","targetHints":{"allow":["GET"]}}],"collection":[{"href":"https:\/\/nordicbikeshows.dk\/en\/wp-json\/wp\/v2\/udstiller"}],"about":[{"href":"https:\/\/nordicbikeshows.dk\/en\/wp-json\/wp\/v2\/types\/udstiller"}],"author":[{"embeddable":true,"href":"https:\/\/nordicbikeshows.dk\/en\/wp-json\/wp\/v2\/users\/301"}],"acf:post":[{"embeddable":true,"href":"https:\/\/nordicbikeshows.dk\/en\/wp-json\/wp\/v2\/brand\/4756"},{"embeddable":true,"href":"https:\/\/nordicbikeshows.dk\/en\/wp-json\/wp\/v2\/kontaktperson\/4775"},{"embeddable":true,"href":"https:\/\/nordicbikeshows.dk\/en\/wp-json\/wp\/v2\/produkt\/29271"},{"embeddable":true,"href":"https:\/\/nordicbikeshows.dk\/en\/wp-json\/wp\/v2\/produkt\/22705"},{"embeddable":true,"href":"https:\/\/nordicbikeshows.dk\/en\/wp-json\/wp\/v2\/produkt\/22700"},{"embeddable":true,"href":"https:\/\/nordicbikeshows.dk\/en\/wp-json\/wp\/v2\/produkt\/16185"},{"embeddable":true,"href":"https:\/\/nordicbikeshows.dk\/en\/wp-json\/wp\/v2\/produkt\/16182"},{"embeddable":true,"href":"https:\/\/nordicbikeshows.dk\/en\/wp-json\/wp\/v2\/produkt\/4950"},{"embeddable":true,"href":"https:\/\/nordicbikeshows.dk\/en\/wp-json\/wp\/v2\/produkt\/4938"},{"embeddable":true,"href":"https:\/\/nordicbikeshows.dk\/en\/wp-json\/wp\/v2\/produkt\/4937"},{"embeddable":true,"href":"https:\/\/nordicbikeshows.dk\/en\/wp-json\/wp\/v2\/produkt\/4767"}],"acf:attachment":[{"embeddable":true,"href":"https:\/\/nordicbikeshows.dk\/en\/wp-json\/wp\/v2\/media\/29268"},{"embeddable":true,"href":"https:\/\/nordicbikeshows.dk\/en\/wp-json\/wp\/v2\/media\/29266"},{"embeddable":true,"href":"https:\/\/nordicbikeshows.dk\/en\/wp-json\/wp\/v2\/media\/16932"},{"embeddable":true,"href":"https:\/\/nordicbikeshows.dk\/en\/wp-json\/wp\/v2\/media\/16155"}],"wp:featuredmedia":[{"embeddable":true,"href":"https:\/\/nordicbikeshows.dk\/en\/wp-json\/wp\/v2\/media\/29260"}],"wp:attachment":[{"href":"https:\/\/nordicbikeshows.dk\/en\/wp-json\/wp\/v2\/media?parent=4552"}],"wp:term":[{"taxonomy":"udstillerkategori","embeddable":true,"href":"https:\/\/nordicbikeshows.dk\/en\/wp-json\/wp\/v2\/udstillerkategori?post=4552"},{"taxonomy":"udstillertype","embeddable":true,"href":"https:\/\/nordicbikeshows.dk\/en\/wp-json\/wp\/v2\/udstillertype?post=4552"},{"taxonomy":"maalgruppe","embeddable":true,"href":"https:\/\/nordicbikeshows.dk\/en\/wp-json\/wp\/v2\/maalgruppe?post=4552"},{"taxonomy":"udstillerider","embeddable":true,"href":"https:\/\/nordicbikeshows.dk\/en\/wp-json\/wp\/v2\/udstillerider?post=4552"},{"taxonomy":"posttyper","embeddable":true,"href":"https:\/\/nordicbikeshows.dk\/en\/wp-json\/wp\/v2\/posttyper?post=4552"},{"taxonomy":"standpladser","embeddable":true,"href":"https:\/\/nordicbikeshows.dk\/en\/wp-json\/wp\/v2\/standpladser?post=4552"},{"taxonomy":"ug_messe","embeddable":true,"href":"https:\/\/nordicbikeshows.dk\/en\/wp-json\/wp\/v2\/ug_messe?post=4552"}],"curies":[{"name":"wp","href":"https:\/\/api.w.org\/{rel}","templated":true}]}}

VELO DE VILLE – Din cykel. Custom Made.

Uanset om det drejer sig om design, ergonomi, teknologi – eller alt sammen: Hos VELO DE VILLE er det kunderne, der bestemmer, hvad der er vigtigst. Takket være vores skræddersyede principper tilpasses hver cykel og elcykler nøjagtigt til den fremtidige cyklists ønsker, fra farve til udstyr.
Med vores onlinekonfigurator kan du nemt designe din egen personlige drømmecykel for maksimal individualitet, kørekomfort og stil. Vi satser på komponenter af høj kvalitet, moderne design og omhyggeligt håndværk i vores fabrik i Tyskland.

Siden 1966 har VELO DE VILLE stået for kvalitet, bæredygtighed og ægte kundefokus. Som premium-mærke under AT Zweirad GmbH udvikler vi cykler, der ikke kun bevæger, men også begejstrer.
