{"id":6995,"date":"2023-02-13T11:04:50","date_gmt":"2023-02-13T10:04:50","guid":{"rendered":"https:\/\/copenhagenbikeshow.dk\/?post_type=udstiller&#038;p=6995"},"modified":"2025-01-25T13:25:38","modified_gmt":"2025-01-25T12:25:38","slug":"assos-of-switzerland","status":"publish","type":"udstiller","link":"https:\/\/nordicbikeshows.dk\/en\/exhibitor\/assos-of-switzerland\/","title":{"rendered":"ASSOS of Switzerland"},"author":86,"featured_media":6996,"template":"","meta":{"_acf_changed":false,"_et_pb_use_builder":"","_et_pb_old_content":"","_et_gb_content_width":""},"udstillerkategori":[27],"udstillertype":[23],"maalgruppe":[806,807,803],"udstillerider":[502],"posttyper":[178],"standpladser":[1116],"ug_messe":[466,1139],"class_list":["post-6995","udstiller","type-udstiller","status-publish","has-post-thumbnail","hentry"],"acf":{"title_en":"ASSOS of Switzerland","link_til_udstillerside":null,"udstillerkategori":[27],"udstillertype":[23],"maalgruppe":[803,807,806],"beskrivelse":"ASSOS of Switzerlands mission er at levere innovativt og teknisk cykelt\u00f8j. I et moderne og klassisk design.\r\n\r\nBaseret i Ticino \"Terra di Ciclismo\", Schweiz, blev ASSOS of Switzerland grundlagt i 1976 med udviklingen af de f\u00f8rste Lycra\u00ae cykelshorts. Takket v\u00e6re vores fortsatte investering i R&amp;D har Assos udviklet en r\u00e6kke innovationer, der har vist retningen for hvordan cykelindustrien har udviklet sig i \u2013 og de fleste af dem er nu industristandarder: f\u00f8rste Lycra\u00ae-shorts ('76), f\u00f8rste sublimering (tryk) p\u00e5 en cykeltr\u00f8je ('80), f\u00f8rste Elastic Interface cykelshorts pude (2001), V\u00e6lg dit Comfort-koncept (2003), Project Starbust, den hurtigste cykel fantomdragt p\u00e5 jorden (2004), S5 den n\u00e6ste generation af cykelshorts (2008), S7_S7 a game changer (2014) er kun nogle f\u00e5 eksempler.\r\n\r\nI dag er vi hos ASSOS stolte af at kunne levere \"Total Cycling Comfort\" til mere end 30 lande rundt om i verden.\r\n\r\nKom til vores stand og se de nye 2024 kollektioner herunder de helt nye Equipe S11 bibshorts som s\u00e6tter nye standarder. F\u00e5 en snak med os om den nyeste udvikling indenfor cykelshorts og cykelt\u00f8j generelt. Vi gl\u00e6der os til at se dig.","beskrivelse_en":"ASSOS of Switzerland\u2019s mission is to provide innovative, technically outstanding cycling apparel with meticulous, lean design. Based in Ticino \u201cTerra di Ciclismo\u201d, Switzerland, ASSOS of Switzerland Gmbh was founded in 1976 with the creation of the first ever Lycra\u00ae cycling shorts. Thanks to its continued investments in R&amp;D, the company has developed a number of innovations that have imposed the direction in which the bicycle industry has evolved \u2013 most of them are now industry standards: first Lycra\u00ae shorts (\u201976), first sublimination on a cycling jersey (\u201980), first Elastic Interface cycling short insert (2001), Choose your Comfort concept (2003), Project Starbust, the fastest cycling bodysuit on earth (2004), S5 the next cycling shorts generation (2008), S7_S7 is a game changer (2014) are only a few examples.\r\n\r\nToday, ASSOS proudly provides the Total Cycling Comfort to more than 30 countries around the world.\r\n\r\nCome to our stand and see the new 2024 collections including the brand new Equipe S11 bibshorts which set new standards. Have a chat with us about the latest developments in cycling shorts and cycling clothing in general. We look forward to seeing you.","_thumbnail_id":6996,"billeder":"","url_video":"https:\/\/youtu.be\/LLMsZ8GeeMk?si=fFHYN5j6I3J68fM_","video_splash":"","kontaktperson":{"kontaktperson":"Lars Errebo","kontaktperson_telefon":"+45 3032 9958","email":"lars.errebo@assos.com"},"firmanavn":"ASSOS of Switzerland GmbH","cvr":"37771761","telefon":"+45 5387 9393","email":"info.nordics@assos.com","hjemmeside":"https:\/\/www.assos.com","hjemmeside_speciel":"","facebook":"https:\/\/www.facebook.com\/assosofswitzerland","linkedin":"https:\/\/www.linkedin.com\/company\/assos-of-switzerland\/mycompany\/","instagram":"https:\/\/www.instagram.com\/assosofswitzerland\/","youtube":"https:\/\/www.youtube.com\/@AssosofSwitzerland","adresse":{"adresse":"Vibeholms Alle 15","adresse_2":"","postnr":"2605","by":"Br\u00f8ndby","land":"dk"},"koordinater":"","book_moede":false,"book_moede_setup":{"antal_tidspunkter_pr_time":"4","antal_gange_hvert_tidspunkt_kan_bookes":1,"email_moedebooking":""},"udstiller_standplads":null,"standplads":[{"standplads_godkendt":true,"messe":"1139","standkort_id":19959,"standplads":"279","standplads_id":6995}],"ug_messe":[466,1139],"standard_url":"assos-of-switzerland?messe=cbs2025","relation_produkt":[17992],"relation_aktivitet":"","relation_kontaktperson":"","relation_brand":[7040],"relation_moede":"","relation_module_notes":"","posttyper":[178],"saet_forfatter":false,"saet_udstillinger_paa_moduler":false,"udgiv_moduler":false,"kladde_moduler":false,"oversaet_til_engelsk":false,"oversaet_titel_til_engelsk":false,"overskriv_oversaettelse":false},"_links":{"self":[{"href":"https:\/\/nordicbikeshows.dk\/en\/wp-json\/wp\/v2\/udstiller\/6995","targetHints":{"allow":["GET"]}}],"collection":[{"href":"https:\/\/nordicbikeshows.dk\/en\/wp-json\/wp\/v2\/udstiller"}],"about":[{"href":"https:\/\/nordicbikeshows.dk\/en\/wp-json\/wp\/v2\/types\/udstiller"}],"author":[{"embeddable":true,"href":"https:\/\/nordicbikeshows.dk\/en\/wp-json\/wp\/v2\/users\/86"}],"acf:post":[{"embeddable":true,"href":"https:\/\/nordicbikeshows.dk\/en\/wp-json\/wp\/v2\/brand\/7040"},{"embeddable":true,"href":"https:\/\/nordicbikeshows.dk\/en\/wp-json\/wp\/v2\/produkt\/17992"}],"wp:featuredmedia":[{"embeddable":true,"href":"https:\/\/nordicbikeshows.dk\/en\/wp-json\/wp\/v2\/media\/6996"}],"wp:attachment":[{"href":"https:\/\/nordicbikeshows.dk\/en\/wp-json\/wp\/v2\/media?parent=6995"}],"wp:term":[{"taxonomy":"udstillerkategori","embeddable":true,"href":"https:\/\/nordicbikeshows.dk\/en\/wp-json\/wp\/v2\/udstillerkategori?post=6995"},{"taxonomy":"udstillertype","embeddable":true,"href":"https:\/\/nordicbikeshows.dk\/en\/wp-json\/wp\/v2\/udstillertype?post=6995"},{"taxonomy":"maalgruppe","embeddable":true,"href":"https:\/\/nordicbikeshows.dk\/en\/wp-json\/wp\/v2\/maalgruppe?post=6995"},{"taxonomy":"udstillerider","embeddable":true,"href":"https:\/\/nordicbikeshows.dk\/en\/wp-json\/wp\/v2\/udstillerider?post=6995"},{"taxonomy":"posttyper","embeddable":true,"href":"https:\/\/nordicbikeshows.dk\/en\/wp-json\/wp\/v2\/posttyper?post=6995"},{"taxonomy":"standpladser","embeddable":true,"href":"https:\/\/nordicbikeshows.dk\/en\/wp-json\/wp\/v2\/standpladser?post=6995"},{"taxonomy":"ug_messe","embeddable":true,"href":"https:\/\/nordicbikeshows.dk\/en\/wp-json\/wp\/v2\/ug_messe?post=6995"}],"curies":[{"name":"wp","href":"https:\/\/api.w.org\/{rel}","templated":true}]}}

ASSOS of Switzerlands mission er at levere innovativt og teknisk cykeltøj. I et moderne og klassisk design.

Baseret i Ticino "Terra di Ciclismo", Schweiz, blev ASSOS of Switzerland grundlagt i 1976 med udviklingen af de første Lycra® cykelshorts. Takket være vores fortsatte investering i R&amp;D har Assos udviklet en række innovationer, der har vist retningen for hvordan cykelindustrien har udviklet sig i – og de fleste af dem er nu industristandarder: første Lycra®-shorts ('76), første sublimering (tryk) på en cykeltrøje ('80), første Elastic Interface cykelshorts pude (2001), Vælg dit Comfort-koncept (2003), Project Starbust, den hurtigste cykel fantomdragt på jorden (2004), S5 den næste generation af cykelshorts (2008), S7_S7 a game changer (2014) er kun nogle få eksempler.

I dag er vi hos ASSOS stolte af at kunne levere "Total Cycling Comfort" til mere end 30 lande rundt om i verden.

Kom til vores stand og se de nye 2024 kollektioner herunder de helt nye Equipe S11 bibshorts som sætter nye standarder. Få en snak med os om den nyeste udvikling indenfor cykelshorts og cykeltøj generelt. Vi glæder os til at se dig.

Brøndby
